{"id":10181,"date":"2021-01-25T07:59:53","date_gmt":"2021-01-25T07:59:53","guid":{"rendered":"http:\/\/ktbb.org\/v1\/?page_id=10181"},"modified":"2021-01-25T07:59:53","modified_gmt":"2021-01-25T07:59:53","slug":"9-ekim-2019-tarihli-9-birlik-yurutme-kurulu-toplantisi","status":"publish","type":"page","link":"https:\/\/ktbb.org\/v1\/9-ekim-2019-tarihli-9-birlik-yurutme-kurulu-toplantisi\/","title":{"rendered":"9 Ekim 2019 Tarihli 9. Birlik Y\u00fcr\u00fctme Kurulu Toplant\u0131s\u0131"},"content":{"rendered":"<p><strong>Karar No : 25\/2019 <\/strong><\/p>\n<p>Ankara ve Eski\u015fehir\u2019de \u00a0yap\u0131lan temaslar ve ziyaretler aktar\u0131ld\u0131.<\/p>\n<p>T\u00fcrkiye Belediyeler Birli\u011fi ile birlikte yararl\u0131 toplant\u0131lar yap\u0131ld\u0131\u011f\u0131\u00a0 a\u00e7\u0131kland\u0131.<\/p>\n<p>&nbsp;<\/p>\n<p><strong>Karar No : 26\/2019<\/strong><\/p>\n<p>Belediyeler Reform hakk\u0131nda \u0130\u00e7i\u015fleri Bakanl\u0131\u011f\u0131n\u0131n \u00e7al\u0131\u015fma ba\u015flatt\u0131\u011f\u0131, ancak K.T. \u00a0Belediyeler Birli\u011fi ,Belediyelerin bir hesap \u00fcretilmesini do\u011fru ve etik olmayaca\u011f\u0131 belirtildi.<\/p>\n<p>Ancak \u0130\u00e7i\u015fleri Bakanl\u0131\u011f\u0131\u2018na K.T. Belediyeler Birli\u011fi olarak bir yaz\u0131l\u0131 \u00a0bildirim haz\u0131rlay\u0131p bir sonraki yap\u0131lacak olan Birlik Y\u00fcr\u00fctme Kurulu toplant\u0131s\u0131nda yaz\u0131n\u0131n de\u011ferlendirilip ve g\u00f6nderilmesine karar verildi.<\/p>\n<p>\u00c7a\u011fda\u015f bir Belediye olu\u015fumu i\u00e7in her Belediyenin i\u00e7ermesi gereken \u00a0kriterlerin liste halinde haz\u0131rlanmas\u0131 \u0130\u00e7i\u015fleri Bakanl\u0131\u011f\u0131\u2019na g\u00f6nderilecek yaz\u0131da bildirilmesi y\u00f6n\u00fcnde karar al\u0131nd\u0131.<\/p>\n<p>&nbsp;<\/p>\n<p>\u00d6rne\u011fin:<\/p>\n<p>1- N\u00fcfus kriteri en az say\u0131s\u0131 ne olmal\u0131 Reform kapsam\u0131nda\u00a0 bu\u00a0 belirlenmeli.<\/p>\n<p>2- Olu\u015fturulacak her Belediyenin Kurumsal yap\u0131ya al\u0131\u015fma\u00a0 olma zorunlu\u011fu olmal\u0131.<\/p>\n<p>3- Belediyelerin \u00d6zerli\u011fi esas kriter olmal\u0131.<\/p>\n<p>4- Her Belediye\u2019nin s\u00fcrd\u00fcr\u00fclebirli\u011fi\u00a0 bir b\u00fct\u00e7eye sahip \u00a0olmas\u0131 gerekti\u011fi ve al\u0131nan yerel gelirler pay\u0131n\u0131n yeterli olabilmesi i\u00e7in n\u00fcfus say\u0131m\u0131n\u0131n yap\u0131lmas\u0131.<\/p>\n<p>5- Yap\u0131lacak Reformda \u0130l\u00e7e Merkezlerin mutlaka\u00a0korunmas\u0131.<\/p>\n<p>6-\u00a0 Olu\u015fturulan Belediyelerin gelirlerini s\u00fcrd\u00fcr\u00fclebirli\u011fi ve yeterli olmas\u0131 gerekti\u011fi.<\/p>\n<p>7-Yerel yetkililerinin \u00a0\u00e7o\u011falt\u0131lmas\u0131 gerekti\u011fi ( \u0130tfaiye, anayollar\u0131n reklam tabelalar\u0131, Mezbaha, H\u00e2ller, Eski Eserler, M\u00fczeler, Okul \u00d6ncesi E\u011fitim, Sa\u011fl\u0131k Hizmeti, toplu ta\u015f\u0131mac\u0131l\u0131k yetkileri, \u015eehir Planlama) yetkileri ve gelirleri Belediyelerin say\u0131s\u0131 belirlenirken bu yetkilerin her Belediyede bulunmas\u0131 gerekti\u011fi.<\/p>\n<p>8- Ar\u0131tma Sistemleri Kanalizasyon yap\u0131m\u0131 kurumsal\u00a0 kapasitesi geli\u015fmi\u015f Belediyelerde yer almas\u0131 gerekti\u011fi \u00a0<strong> \u00a0<\/strong>belirtilmi\u015f.<\/p>\n<p><strong>\u00a0 \u00a0 \u00a0 \u00a0 \u00a0<\/strong><strong>\u00a0 \u00a0 \u00a0 \u00a0 \u00a0 \u00a0 \u00a0 \u00a0 \u00a0 \u00a0<\/strong><\/p>\n<p><strong>Karar No : 27\/2019<\/strong><\/p>\n<p>22 Ekim 2019 tarihinde Acapulco Otelde yap\u0131lacak T\u00fcrk \u00a0D\u00fcnyas\u0131 Belediyeler Birli\u011fi ve K.K.T.C Belediyeleri ile bir toplant\u0131 ger\u00e7ekle\u015fecek bu toplant\u0131da a\u011fa\u00e7land\u0131rma ile ilgili talep, cenaze arabalar\u0131n\u0131n temini veya Engelli sandalyelerinin\u00a0 bize hibe yap\u0131lmas\u0131 y\u00f6n\u00fcnde bir talepte bulunabilmesi i\u00e7in karar verildi.<\/p>\n<p><strong>\u00a0\u00a0\u00a0\u00a0\u00a0\u00a0\u00a0\u00a0\u00a0\u00a0\u00a0\u00a0\u00a0\u00a0\u00a0\u00a0\u00a0\u00a0\u00a0\u00a0\u00a0\u00a0\u00a0\u00a0\u00a0\u00a0\u00a0\u00a0\u00a0\u00a0\u00a0\u00a0\u00a0\u00a0 <\/strong><\/p>\n<p><strong>Karar No : 28\/2019<\/strong><\/p>\n<p>15-20 Ekim tarihlerinde yap\u0131lacak olan \u0130stanbul program\u0131 \u0130\u00e7in ortalama 20 ki\u015filik bir grup olaca\u011f\u0131 belirtildi.<\/p>\n<p>Ve iste\u011fe g\u00f6re kal\u0131\u015f s\u00fcrelerinin fuar g\u00fcn\u00fcne kadar uzat\u0131lmas\u0131na karar verildi.<\/p>\n<p>&nbsp;<\/p>\n<p><strong>Karar No : 29\/2019<\/strong><\/p>\n<p>17-20 Kas\u0131m 2019 tarihlerinde Bosna-Hersek\u2019e yap\u0131lacak olan programda;<\/p>\n<p>&nbsp;<\/p>\n<ol>\n<li>Mahmut \u00d6Z\u00c7INAR\u00a0 \u00a0 \u00a0 \u00a0 K. T. Belediyeler Birli\u011fi ve G\u00fczelyurt Belediye Ba\u015fkan\u0131.<\/li>\n<\/ol>\n<ol start=\"2\">\n<li>Mehmet HARMANCI\u00a0 \u00a0\u00a0\u00a0\u00a0Lefko\u015fa T\u00fcrk Belediye Ba\u015fkan\u0131 ve K.T. Belediyeler Birli\u011fi Asba\u015fkan\u0131.<\/li>\n<\/ol>\n<ol start=\"3\">\n<li>Ali KARAVEZ\u0130RLER \u00a0\u00a0De\u011firmenlik Belediye Ba\u015fkan\u0131.<\/li>\n<li>Mehmet HULUS\u0130O\u011eLU \u00a0\u00a0\u00c7atalk\u00f6y Belediye Ba\u015fkan\u0131.<\/li>\n<li>\u0130lker ED\u0130P \u00a0Beyarmudu Belediye Ba\u015fkan\u0131.<\/li>\n<li>F\u0131rat ATASER \u00a0Alsancak Belediye Ba\u015fkan\u0131.<\/li>\n<\/ol>\n<p>7.Cemil SARI\u00c7\u0130ZMEL\u0130\u00a0\u00a0\u00a0\u00a0 \u00a0\u00a0\u00a0Mehmet\u00e7ik Belediye Ba\u015fkan\u0131.<\/p>\n<ol start=\"8\">\n<li>Ahmet Hayri OR\u00c7AN Tatl\u0131su Belediye Ba\u015fkan\u0131.<\/li>\n<li>Habil T\u00dcL\u00dcC\u00dc \u00a0\u00a0\u00a0\u00a0\u00a0\u00a0\u00a0\u00a0Pa\u015fak\u00f6y Belediye Ba\u015fkan\u0131.<\/li>\n<li>H\u00fcseyin K\u00d6LE \u00a0K.T. Belediyeler Birli\u011fi Koordinat\u00f6r\u00fc kat\u0131l\u0131m\u0131na karar verildi.<\/li>\n<\/ol>\n<p>&nbsp;<\/p>\n<p>&nbsp;<\/p>\n<p>&nbsp;<\/p>\n<p>&nbsp;<\/p>\n<p>&nbsp;<\/p>\n<p>&nbsp;<\/p>\n<p>&nbsp;<\/p>\n","protected":false},"excerpt":{"rendered":"<p>Karar No : 25\/2019 Ankara ve Eski\u015fehir\u2019de \u00a0yap\u0131lan temaslar ve [&hellip;]<\/p>\n","protected":false},"author":9,"featured_media":0,"parent":0,"menu_order":0,"comment_status":"closed","ping_status":"closed","template":"","meta":{"footnotes":""},"class_list":["post-10181","page","type-page","status-publish","hentry"],"_links":{"self":[{"href":"https:\/\/ktbb.org\/v1\/wp-json\/wp\/v2\/pages\/10181","targetHints":{"allow":["GET"]}}],"collection":[{"href":"https:\/\/ktbb.org\/v1\/wp-json\/wp\/v2\/pages"}],"about":[{"href":"https:\/\/ktbb.org\/v1\/wp-json\/wp\/v2\/types\/page"}],"author":[{"embeddable":true,"href":"https:\/\/ktbb.org\/v1\/wp-json\/wp\/v2\/users\/9"}],"replies":[{"embeddable":true,"href":"https:\/\/ktbb.org\/v1\/wp-json\/wp\/v2\/comments?post=10181"}],"version-history":[{"count":1,"href":"https:\/\/ktbb.org\/v1\/wp-json\/wp\/v2\/pages\/10181\/revisions"}],"predecessor-version":[{"id":10182,"href":"https:\/\/ktbb.org\/v1\/wp-json\/wp\/v2\/pages\/10181\/revisions\/10182"}],"wp:attachment":[{"href":"https:\/\/ktbb.org\/v1\/wp-json\/wp\/v2\/media?parent=10181"}],"curies":[{"name":"wp","href":"https:\/\/api.w.org\/{rel}","templated":true}]}}