{"id":10194,"date":"2021-01-25T11:49:12","date_gmt":"2021-01-25T11:49:12","guid":{"rendered":"http:\/\/ktbb.org\/v1\/?page_id=10194"},"modified":"2021-01-25T11:49:12","modified_gmt":"2021-01-25T11:49:12","slug":"6-mayis-2020-tarihli-4-yurutme-kurulu-toplantisi","status":"publish","type":"page","link":"https:\/\/ktbb.org\/v1\/6-mayis-2020-tarihli-4-yurutme-kurulu-toplantisi\/","title":{"rendered":"6 May\u0131s 2020  Tarihli  4. Y\u00fcr\u00fctme Kurulu Toplant\u0131s\u0131"},"content":{"rendered":"<p><strong>Karar No: 20\/2020<\/strong><\/p>\n<p><strong>\u00a0<\/strong><\/p>\n<p>8 May\u0131s 2020 tarihinde Cuma g\u00fcn\u00fc saat 10.00 da\u00a0\u00a0 Birlik Y\u00fcr\u00fctme Kurulu \u00dcyelerimiz Bay\u0131nd\u0131rl\u0131k ve Ula\u015ft\u0131rma Bakan\u0131 Say\u0131n Tolga ATAKAN\u2019a ta\u015f\u0131mac\u0131l\u0131k konusu ile ilgili toplant\u0131 yapmak i\u00e7in ziyarette bulunma karar\u0131 al\u0131nm\u0131\u015ft\u0131r.<\/p>\n<p><strong>\u00a0<\/strong><\/p>\n<p><strong>\u00a0<\/strong><strong>Karar No: \u00a021 \/2020<\/strong><\/p>\n<p>8 May\u0131s 2020 tarihinde Cuma g\u00fcn\u00fc saat 12 de Birlik Y\u00fcr\u00fctme Kurulu \u00dcyelerimiz Sa\u011fl\u0131k Bakan\u0131 Say\u0131n Ali Pilli ile \u00e7al\u0131\u015fma izinleri hakk\u0131nda toplant\u0131 yapmak i\u00e7in ziyarette bulunma karar\u0131 al\u0131nm\u0131\u015ft\u0131r.<\/p>\n<p><strong>\u00a0\u00a0\u00a0\u00a0\u00a0\u00a0\u00a0\u00a0\u00a0\u00a0\u00a0\u00a0\u00a0\u00a0\u00a0 <\/strong><\/p>\n<p><strong>Karar No: \u00a022\/2020<\/strong><\/p>\n<p>K.T. Belediyeler Birli\u011finin\u00a0 binas\u0131n\u0131n\u00a0 yap\u0131lmas\u0131 ile ilgili bo\u015f bir arazinin temini y\u00f6n\u00fcnde \u00e7al\u0131\u015fma yap\u0131lmas\u0131 ve bu konu ile ilgili Tapu Dairesinden m\u00fclkiyet ara\u015ft\u0131rmas\u0131 ve harita side plan\u0131 temini y\u00f6n\u00fcnde \u00e7al\u0131\u015fma yap\u0131lmas\u0131 karar\u0131 al\u0131nm\u0131\u015ft\u0131r.<\/p>\n<p><strong>\u00a0\u00a0\u00a0\u00a0\u00a0\u00a0\u00a0\u00a0\u00a0\u00a0\u00a0\u00a0\u00a0\u00a0\u00a0 <\/strong><\/p>\n<p><strong>Karar No: \u00a023 \/2020<\/strong><\/p>\n<p>Belirli g\u00fcnlerde g\u00fcnl\u00fck gazetelere verilen reklamlarda Belediyelerimiz m\u00fcnferit olarak reklam verdi\u011finde s\u0131k\u0131nt\u0131 ya\u015fanaca\u011f\u0131ndan bu t\u00fcr reklamlar\u0131n, kutlamalar\u0131n Birlik \u00fczerinden yap\u0131lmas\u0131 ve t\u00fcm Belediyeler ad\u0131na yap\u0131laca\u011f\u0131ndan b\u00fct\u00fcn Belediye logolar\u0131n\u0131 bir araya getirerek yap\u0131lacak reklam\u0131n veya kutlamalar\u0131n Birlik ad\u0131na yap\u0131lmas\u0131 y\u00f6n\u00fcnde karar al\u0131nm\u0131\u015ft\u0131r.<\/p>\n<p><strong>\u00a0 <\/strong><\/p>\n<p><strong>Karar No: 24 \/2020<\/strong><\/p>\n<p>Korona vir\u00fcs \u00a0nedeni ile Belediyeler Birli\u011finin ay\u0131rd\u0131\u011f\u0131 450.000 TL\u2019lik b\u00fct\u00e7e \u00a0\u00a0\u00f6dene\u011finin ve G\u00fcney K\u0131br\u0131s\u2019tan\u00a0 Belediyeler Birli\u011fine yap\u0131lan 10.000 \u00a3 \u00a0yard\u0131m\u0131n birle\u015ftirilerek Belediyelere malzeme olarak verilmesi y\u00f6n\u00fcnde karar al\u0131n\u0131r.\u0130laveten AB den on be\u015f g\u00fcn i\u00e7erisinde gelecek olan miktar\u0131 belirlenmi\u015f yard\u0131mlar i\u00e7in Belediyeler Birli\u011fi \u00f6nderlik edecek.Bu ama\u00e7l\u0131 yard\u0131m\u0131 Lefko\u015fa Belediyesi \u00f6nceden ald\u0131\u011f\u0131 sebebi ile bu da\u011f\u0131t\u0131mdan herhangi bir \u00f6deme almayacakt\u0131r. AB yard\u0131mlar\u0131ndan olan malzemelerin Haspolat\u2019ta \u0130lker Edip\u2019e ait depoda muhafaza edilmesi y\u00f6n\u00fcnde \u00e7al\u0131\u015fma yap\u0131lacak ve bu depodan ilgili Belediyelere da\u011f\u0131t\u0131laca\u011f\u0131 y\u00f6n\u00fcnde karar al\u0131n\u0131r.<\/p>\n<p>&nbsp;<\/p>\n<p><strong>Karar No: 25 \/2020<\/strong><\/p>\n<p>Bakanlar Kurulunun alm\u0131\u015f oldu\u011fu kesintiler ile ilgili yasa g\u00fcc\u00fcndeki kararname \u00fc\u00e7 ay s\u00fcreli olup\u00a0 \u00fc\u00e7 ay kesintiyi i\u00e7erdi\u011finden bu a\u015famada Belediyelerimiz COV\u0130D 19 nedeni ile \u00fcstlendi\u011fi sorumluluklardan getirdi\u011fi mali y\u00fckleri \u00a0daha fazla ta\u015f\u0131yamayaca\u011f\u0131 nedeni ile Maliye Bakanl\u0131\u011f\u0131 ile bu g\u00fcn yap\u0131lacak toplant\u0131da \u00a0\u0131srarla COV\u0130D 19 tedbirlerinin devam\u0131 halinde dahi \u00fc\u00e7 aydan sonra yeni bir kesinti ile ilgili Belediyelerden herhangi bir kesinti yap\u0131lmas\u0131 halinde \u0131srarl\u0131 olunmas\u0131na karar verilir. Ayr\u0131ca Maliye Bakanl\u0131\u011f\u0131ndan su t\u00fcketim bedeli alacaklar\u0131,proje bedeli alacaklar\u0131 ve trafik ile ilgili birikmi\u015f alacaklar\u0131n\u0131n May\u0131s at\u0131 sonuna kadar belirli bir oranda \u00f6denmesi y\u00f6n\u00fcnde talepte bulunmalar\u0131 karar\u0131 al\u0131n\u0131r.<\/p>\n<p><strong>\u00a0<\/strong><\/p>\n<p><strong>Karar No : 26\/2020<\/strong><\/p>\n<p>COV\u0130D 19 nedeni ile \u00fc\u00e7 ay s\u00fcre ile yap\u0131lacak olan kesinti d\u00f6neminde Belediyelerimizin Sosyal Sigorta ve \u0130htiyat Sand\u0131\u011f\u0131 \u00f6demelerini \u00f6deme g\u00fcc\u00fc dikkate al\u0131narak \u00f6deyebilecek Belediyelerin bu \u00f6demeleri dikkate al\u0131narak ileriki g\u00fcnlere s\u0131k\u0131\u015fmamak ad\u0131na \u00f6demeleri ancak Belediyelerin Maliyeye olan taksitlendirilmi\u015f bor\u00e7lar\u0131n taksit \u00f6demelerinin 2020 y\u0131l\u0131 sonuna kadar bekletilmesini ve 2020 y\u0131l\u0131 sonunda mali durum dikkate al\u0131narak yeniden g\u00fcndeme al\u0131nmas\u0131\u00a0 y\u00f6n\u00fcnde Maliye Bakanl\u0131\u011f\u0131 ile g\u00f6r\u00fc\u015f\u00fclmesine karar verildi.<\/p>\n<p>&nbsp;<\/p>\n<p><strong>Karar No : 27 \/ 2020<\/strong><\/p>\n<p>Gerek COV\u0130D 19 d\u00f6neminde gerekse daha \u00f6nceden baz\u0131 Belediyelerin Belediyeler Birli\u011fine olan bor\u00e7lar\u0131n\u0131n bu Belediyelerin \u00f6deme g\u00fcc\u00fcn\u00fc zorlayacak boyuta ula\u015ft\u0131\u011f\u0131 g\u00f6r\u00fcld\u00fc\u011f\u00fcnden Belediyeler Birli\u011fine Borcu olan Belediyelerin\u00a0 bor\u00e7 \u00f6demelerinin 2020 y\u0131l\u0131 sonuna kadar durdurulmas\u0131na ancak 2020 y\u0131l\u0131 i\u00e7erisinde Belediyeler Birli\u011finden alacaklar\u0131 malzemelerin bedelini \u00f6demeleri ko\u015fulu ile alabileceklerine b\u00f6yle bir uygulamaya gidilmesine karar verilir.<\/p>\n<p>&nbsp;<\/p>\n","protected":false},"excerpt":{"rendered":"<p>Karar No: 20\/2020 \u00a0 8 May\u0131s 2020 tarihinde Cuma g\u00fcn\u00fc [&hellip;]<\/p>\n","protected":false},"author":9,"featured_media":0,"parent":0,"menu_order":0,"comment_status":"closed","ping_status":"closed","template":"","meta":{"footnotes":""},"class_list":["post-10194","page","type-page","status-publish","hentry"],"_links":{"self":[{"href":"https:\/\/ktbb.org\/v1\/wp-json\/wp\/v2\/pages\/10194","targetHints":{"allow":["GET"]}}],"collection":[{"href":"https:\/\/ktbb.org\/v1\/wp-json\/wp\/v2\/pages"}],"about":[{"href":"https:\/\/ktbb.org\/v1\/wp-json\/wp\/v2\/types\/page"}],"author":[{"embeddable":true,"href":"https:\/\/ktbb.org\/v1\/wp-json\/wp\/v2\/users\/9"}],"replies":[{"embeddable":true,"href":"https:\/\/ktbb.org\/v1\/wp-json\/wp\/v2\/comments?post=10194"}],"version-history":[{"count":1,"href":"https:\/\/ktbb.org\/v1\/wp-json\/wp\/v2\/pages\/10194\/revisions"}],"predecessor-version":[{"id":10195,"href":"https:\/\/ktbb.org\/v1\/wp-json\/wp\/v2\/pages\/10194\/revisions\/10195"}],"wp:attachment":[{"href":"https:\/\/ktbb.org\/v1\/wp-json\/wp\/v2\/media?parent=10194"}],"curies":[{"name":"wp","href":"https:\/\/api.w.org\/{rel}","templated":true}]}}