{"id":14829,"date":"2023-03-13T14:44:55","date_gmt":"2023-03-13T12:44:55","guid":{"rendered":"http:\/\/ktbb.org\/v1\/?page_id=14829"},"modified":"2023-03-13T14:47:53","modified_gmt":"2023-03-13T12:47:53","slug":"8-subat-2023-tarihli-3-birlik-yurutme-kurulu-toplantisi","status":"publish","type":"page","link":"https:\/\/ktbb.org\/v1\/8-subat-2023-tarihli-3-birlik-yurutme-kurulu-toplantisi\/","title":{"rendered":"8 \u015eubat 2023 Tarihli 3. Birlik Y\u00fcr\u00fctme Kurulu Toplant\u0131s\u0131"},"content":{"rendered":"<p><strong>Karar No: 17\/ 2023<\/strong><\/p>\n<p><strong>\u00a0<\/strong><\/p>\n<p>Y\u00fcr\u00fctme Kurulu a\u015fa\u011f\u0131daki konular\u0131n ifas\u0131 i\u00e7in a\u011f\u0131r vas\u0131ta Operat\u00f6rleri olan\u00a0 \u0130brahim Alda\u011f ve\u00a0 Sayim Hac\u0131o\u011fullar\u0131\u2019na, \u00a0a\u015fa\u011f\u0131daki konularda oy birli\u011fi ile yetki verir;<\/p>\n<p>06\/02\/2023 tarihinde T\u00fcrkiye Cumhuriyetin\u2019de meydana gelen do\u011fal afet \/ deprem sebebiyle, ihtiya\u00e7 duyulan ve depremden zarar g\u00f6ren b\u00f6lgelerde kullan\u0131lmak \u00fczere K\u0131br\u0131s T\u00fcrk Belediyeler Birli\u011fi ad\u0131na kay\u0131tl\u0131 olan a\u011f\u0131r vas\u0131ta i\u015f arac\u0131n\u0131 (Ekskavat\u00f6r) ge\u00e7ici olarak T\u00fcrkiye Cumhuriyetine g\u00f6t\u00fcr\u00fcp, meydana gelen depremle ilgili b\u00f6lgelere sevkiyat\u0131n\u0131 sa\u011flay\u0131p, konu arac\u0131 deprem b\u00f6lgelerinde kullanmak ve konu arac\u0131 geri KKTC\u2019ye getirmek; ve<\/p>\n<p>K\u0131br\u0131s T\u00fcrk Belediyeler Birli\u011fi ad\u0131na kay\u0131tl\u0131 bulunan KOMATSU marka, 2013 model, KMTPC241J55K60090 \u015fasi numaral\u0131 Paletli Ekskavat\u00f6r\u2019\u00fc, KKTC\u2019de yurt i\u00e7inde ve Yurt d\u0131\u015f\u0131nda T\u00fcrkiye Cumhuriyetinde kullanmaya, ta\u015f\u0131maya, yurt d\u0131\u015f\u0131na \u00e7\u0131karmaya, yurt d\u0131\u015f\u0131 \u00e7\u0131k\u0131\u015f i\u015flemlerini K\u0131br\u0131s T\u00fcrk Belediyeler Birli\u011fi ad\u0131na yapmaya, her t\u00fcrl\u00fc g\u00fcmr\u00fck i\u015flemlerinde K\u0131br\u0131s T\u00fcrk Belediyeler Birli\u011fi ad\u0131na resmi formlar\u0131 doldurup imzalamaya, gerekli sigorta belgelerini doldurmaya ve imzalamaya ve arac\u0131 K\u0131br\u0131s T\u00fcrk Belediyeler Birli\u011fi ad\u0131na sigortalamaya, T\u00fcrkiye Cumhuriyeti\u2019ne ge\u00e7ici ihra\u00e7 i\u015flemlerini yapmaya ve gerekli formlar\u0131, belgeleri doldurup K\u0131br\u0131s T\u00fcrk Belediyeler Birli\u011fi\u00a0 ad\u0131na imzalamaya ve konu i\u015f arac\u0131n\u0131 T\u00fcrkiye Cumhuriyetinde kullanmaya ve KKTC\u2019ye geri getirmeye yetkili olmak \u00fczere gerekli olan t\u00fcm resmi ve gayr\u0131 resmi\u00a0 belgeleri imzalamaya \u0130brahim Alda\u011f\u2019a ve Sayim Hac\u0131o\u011fullar\u0131\u2019na oy birli\u011fi ile \u00a0yetki verir.<\/p>\n<p>&nbsp;<\/p>\n<p>K. T. Belediyeler Birli\u011fi Y\u00fcr\u00fctme Kurulu gerek Ekskavat\u00f6r gerekse Birlik personeli her iki Operat\u00f6r i\u00e7in yap\u0131lacak harcamalar\u0131n Belediyeler Birli\u011fi B\u00fct\u00e7esinin ilgili kaleminden kar\u015f\u0131lanmas\u0131na ve bu ama\u00e7la Birlik Ba\u015fkan\u0131 Say\u0131n Mahmut \u00d6z\u00e7\u0131nar\u2019\u0131n yetkilendirilmesine oy birli\u011fi ile arar verir.<\/p>\n<p><strong><u>\u00a0<\/u><\/strong><\/p>\n<p><strong><u>Karar No: 18\/ 2023<\/u><\/strong><\/p>\n<p><strong><u>\u00a0<\/u><\/strong><\/p>\n<p><strong><u>\u00a0<\/u><\/strong><\/p>\n<p>K.T. Belediyeler Birli\u011fi Y\u00fcr\u00fctme Kurulu 06\/02\/2023 tarihinde T\u00fcrkiye Cumhuriyetinde meydana gelen do\u011fal afet \/ deprem sebebiyle, depremden zarar g\u00f6ren b\u00f6lgelere katk\u0131 sa\u011flamak \u00fczere K.T. Belediyeler Birli\u011fi b\u00fct\u00e7esinde bulunan, Belediyelere yard\u0131m kaleminden kar\u015f\u0131lanmak\u00a0 \u00fczere T.C. \u0130\u00e7i\u015fleri Bakanl\u0131\u011f\u0131 Afet ve Acil Durum Y\u00f6netimi Ba\u015fkanl\u0131\u011f\u0131 (AFAD)\u2019na \u00a0\u00a0\u00a0bir milyon T\u00fcrk liras\u0131 ( 1.000.000 TL) verilmesine ve bu konuda gerekli i\u015flemlerin Belediyeler Birli\u011fi Ba\u015fkan\u0131 Say\u0131n Mahmut \u00d6z\u00e7\u0131nar taraf\u0131ndan y\u00fcr\u00fct\u00fclmesine oy birli\u011fi ile karar verir.<\/p>\n<p><strong><u>\u00a0<\/u><\/strong><\/p>\n<p><strong><u>Karar No: 19\/2023<\/u><\/strong><\/p>\n<p><strong><u>\u00a0<\/u><\/strong><\/p>\n<p>K.T. Belediyeler Birli\u011fi Y\u00fcr\u00fctme Kurulu 06\/02\/2023 tarihinde T\u00fcrkiye Cumhuriyetin de meydana gelen do\u011fal afet \/ deprem sebebiyle ve i\u00e7inde bulunulan ola\u011fan\u00fcst\u00fc durum nedeniyle T\u00fcrkiye Cumhuriyeti\u2019ne gidecek olan Belediye Ba\u015fkan\u0131 ve Birlik personelinin giderlerinin Birlik B\u00fct\u00e7esinin uygun olan kaleminden kar\u015f\u0131lanmas\u0131na ve bu konuda gerekli i\u015flemlerin Belediyeler Birli\u011fi Ba\u015fkan\u0131 Say\u0131n Mahmut \u00d6z\u00e7\u0131nar taraf\u0131ndan y\u00fcr\u00fct\u00fclmesine oy birli\u011fi ile karar verir.<\/p>\n","protected":false},"excerpt":{"rendered":"<p>Karar No: 17\/ 2023 \u00a0 Y\u00fcr\u00fctme Kurulu a\u015fa\u011f\u0131daki konular\u0131n ifas\u0131 [&hellip;]<\/p>\n","protected":false},"author":10,"featured_media":0,"parent":0,"menu_order":0,"comment_status":"closed","ping_status":"closed","template":"","meta":{"footnotes":""},"class_list":["post-14829","page","type-page","status-publish","hentry"],"_links":{"self":[{"href":"https:\/\/ktbb.org\/v1\/wp-json\/wp\/v2\/pages\/14829","targetHints":{"allow":["GET"]}}],"collection":[{"href":"https:\/\/ktbb.org\/v1\/wp-json\/wp\/v2\/pages"}],"about":[{"href":"https:\/\/ktbb.org\/v1\/wp-json\/wp\/v2\/types\/page"}],"author":[{"embeddable":true,"href":"https:\/\/ktbb.org\/v1\/wp-json\/wp\/v2\/users\/10"}],"replies":[{"embeddable":true,"href":"https:\/\/ktbb.org\/v1\/wp-json\/wp\/v2\/comments?post=14829"}],"version-history":[{"count":3,"href":"https:\/\/ktbb.org\/v1\/wp-json\/wp\/v2\/pages\/14829\/revisions"}],"predecessor-version":[{"id":14832,"href":"https:\/\/ktbb.org\/v1\/wp-json\/wp\/v2\/pages\/14829\/revisions\/14832"}],"wp:attachment":[{"href":"https:\/\/ktbb.org\/v1\/wp-json\/wp\/v2\/media?parent=14829"}],"curies":[{"name":"wp","href":"https:\/\/api.w.org\/{rel}","templated":true}]}}