{"id":19211,"date":"2025-02-27T11:08:18","date_gmt":"2025-02-27T09:08:18","guid":{"rendered":"https:\/\/ktbb.org\/v1\/?page_id=19211"},"modified":"2025-02-27T11:08:18","modified_gmt":"2025-02-27T09:08:18","slug":"12-aralik-2024-tarihli-5-birlik-yurutme-kurulu-toplantisi","status":"publish","type":"page","link":"https:\/\/ktbb.org\/v1\/12-aralik-2024-tarihli-5-birlik-yurutme-kurulu-toplantisi\/","title":{"rendered":"12 Aral\u0131k 2024 Tarihli 5. Birlik Y\u00fcr\u00fctme Kurulu Toplant\u0131s\u0131"},"content":{"rendered":"<p><strong>Karar No 38 \/ 2024<\/strong><\/p>\n<p>2025 Y\u0131l\u0131 B\u00fct\u00e7e haz\u0131rl\u0131klar\u0131 hakk\u0131nda Birlik Ba\u015fkan\u0131 taraf\u0131ndan Y\u00fcr\u00fctme Kurulu bilgilendirildi. Y\u00fcr\u00fctme Kurulu \u00fcyelerinin toplant\u0131da beyan etikleri hususlar\u0131 ve art\u0131\u015flar\u0131 da i\u00e7erecek \u015fekilde 2025 Y\u0131l\u0131 B\u00fct\u00e7e Tasar\u0131s\u0131n\u0131n haz\u0131rlanmas\u0131 ve Ocak 2025 ay\u0131 i\u00e7erisinde Y\u00fcr\u00fctme Kuruluna sunulmas\u0131na oy birli\u011fi ile karara verilmi\u015ftir.<\/p>\n<p>&nbsp;<\/p>\n<p><strong>Karar No 39\/ 2024<\/strong><\/p>\n<p>Y\u00fcr\u00fctme Kurulu Ba\u015fkan\u0131 taraf\u0131ndan yap\u0131lan bilgilendirme uyar\u0131nca, K\u0131br\u0131s T\u00fcrk Belediyeler Birli\u011fi Yasas\u0131\u2019n\u0131n 15(2) maddesi gere\u011fi, 2024 Y\u0131l\u0131 B\u00fct\u00e7esinde, b\u00fct\u00e7e kalemleri (b\u00f6l\u00fcmleri) aras\u0131nda yetersiz olan b\u00fct\u00e7e kalemlerine, art\u0131da olan b\u00fct\u00e7e kalemlerinden aktar\u0131lmak \u00fczere, \u00a0i\u015f makinesi onar\u0131m giderleri kaleminden, ta\u015f\u0131t bak\u0131m ve onar\u0131m giderleri kalemine 40.000 TL ve b\u00fct\u00e7enin di\u011fer hizmet al\u0131mlar\u0131 kaleminden, i\u015f makinesi kiralama giderleri kalemine 180.000 TL aktar\u0131lmas\u0131na ve \u00a0daha \u00f6nceden Y\u00fcr\u00fctme\u00a0 Kurulunun bilgisine getirilen, k\u0131rtasiye al\u0131mlar\u0131ndan bask\u0131 ve cilt giderlerine yap\u0131lan 80.000 TL aktarmaya, Y\u00fcr\u00fctme Kurulu oy birli\u011fi ile karar vermi\u015ftir.<\/p>\n<p><strong>Karar No 40\/ 2024<\/strong><\/p>\n<p>Belediye Ba\u015fkanlar\u0131n\u0131n, Genel Y\u00f6netim Kurulunda , Y\u00fcr\u00fctme Kurulunda ve yurti\u00e7i\/yurtd\u0131\u015f\u0131 g\u00f6revleri nedeniyle y\u00fcr\u00fctmekte olduklar\u0131 g\u00f6revler i\u00e7in\u00a0 ihtiya\u00e7 oldu\u011fu \u00f6ng\u00f6r\u00fclen ve Belediye\u00a0 Ba\u015fkanlar\u0131n\u0131n \u00a0kullan\u0131mlar\u0131 i\u00e7in ihtiya\u00e7lar\u0131 hangisi ise \u00a0birer adet laptop veya cep telefonunun al\u0131nmas\u0131na\u00a0 \u00a0oy birli\u011fi ile karar verilir.<\/p>\n<p><strong>\u00a0<\/strong><\/p>\n<p><strong>Karar No 41\/ 2024<\/strong><\/p>\n<p>2025 y\u0131l\u0131 y\u0131lba\u015f\u0131 hediyesi olarak K.T. Belediyeler Birli\u011fi Personeline, Birlik Hukuk M\u00fc\u015favirine ve y\u0131l boyunca Birli\u011fin i\u015flerinde y\u00fcksek oranda katk\u0131 koyan ekli listede isimleri yaz\u0131l\u0131 ki\u015filere\u00a0 1 Adet Birli\u011fin amblemini ta\u015f\u0131yan ajanda ve 1 paket\u00a0 \u00e7ikolata al\u0131nmas\u0131na ayn\u0131 \u00fcr\u00fcnlerden Belediye Ba\u015fkanlar\u0131na da verilmek \u00fczere al\u0131nmas\u0131na oy birli\u011fi ile karar verilir. Hediye verilenler ile ilgili listeler ektedir.<\/p>\n<p>&nbsp;<\/p>\n<p><strong>Karar No 42\/ 2024<\/strong><\/p>\n<p>K.T. Belediyeler Birli\u011finde, hizmet al\u0131m\u0131 y\u00f6ntemiyle Hukuk M\u00fc\u015favirli\u011fi hizmeti vermekte olan Av. M\u00fcjgan Irkad&#8217;a ayn\u0131 ko\u015fullarda yeniden bir y\u0131l s\u00fcre ile hizmet vermesi i\u00e7in hizmet al\u0131m s\u00f6zle\u015fmesi imzalanmas\u0131na oy birli\u011fi ile karar verilir.<\/p>\n<p>&nbsp;<\/p>\n<p><strong>Karar No 43\/ 2024 <\/strong><\/p>\n<p>Halen g\u00f6revde olan T\u00fcm Belediye Ba\u015fkanlar\u0131n\u0131n, K.T. Belediyeler Birli\u011fi Personeli, Hukuk M\u00fc\u015faviri ve e\u015flerinin kat\u0131laca\u011f\u0131 yeni y\u0131l yeme\u011finin Ocak ay\u0131 i\u00e7erisinde belirlenecek bir g\u00fcnde yap\u0131lmas\u0131na oy birli\u011fi ile karar verilir.<\/p>\n<p>&nbsp;<\/p>\n<p><strong>Karar No 44\/ 2024<\/strong><\/p>\n<p>&nbsp;<\/p>\n<p>K.T. Belediyeler Birli\u011fi personeli ile ilgili Belediyeler Birli\u011fi Yasas\u0131 alt\u0131nda kadrolar\u0131, stat\u00fcleri ve \u00f6zl\u00fck haklar\u0131 ile ilgili d\u00fczenlemenin Taslak olarak haz\u0131rlan\u0131p Y\u00fcr\u00fctme Kuruluna sunulmas\u0131na oy birli\u011fi ile karar verilir.<\/p>\n<p>&nbsp;<\/p>\n<p><strong>Karar No 45\/ 2024<\/strong><\/p>\n<p>&nbsp;<\/p>\n<p>K.T. Belediyeler Birli\u011fi envanterinde bulunan JCB marka ekskavat\u00f6r\u00fcn i\u00e7ine verilip yerine yeni bir ekskavat\u00f6r al\u0131nmas\u0131na\u00a0 \u00a0ve 1 adet fort liftin 2024 y\u0131l\u0131 b\u00fct\u00e7esinden al\u0131nmas\u0131na yine K.T Belediyeler Birli\u011fi envanterinde bulunan KH 619 plakal\u0131 BMW marka binek hizmet arac\u0131n i\u00e7ine verilip yerine yeni bir binek hizmet arac\u0131n al\u0131nmas\u0131na\u00a0 oy birli\u011fi ile karar verir.<\/p>\n<p>&nbsp;<\/p>\n<p><strong>Karar No 46\/2024<\/strong><\/p>\n<p>&nbsp;<\/p>\n<p>K.T. Belediyeler Birli\u011fi Personeli ile ilgili B\u00fcro \u0130\u015f Sendikas\u0131 ile var olan toplu i\u015f s\u00f6zle\u015fmesinin hitam bulaca\u011f\u0131 nedeni ile B\u00fcro \u0130\u015f \u015eendikas\u0131 ile, yeniden g\u00f6r\u00fc\u015fmelerin ba\u015flat\u0131lmas\u0131na ve bu konuda mutab\u0131k kal\u0131nacak hususlar\u0131 da i\u00e7eren yeni bir Toplu \u0130\u015f S\u00f6zle\u015fmesi yap\u0131lmas\u0131 ve imzalanmas\u0131 i\u00e7in K.T. Belediyeler Birli\u011fi Ba\u015fkan\u0131 Sn. Mahmut \u00d6z\u00e7\u0131nar\u2019a yetki verilmesine ve Belediyeler Birli\u011fi personelinin alaca\u011f\u0131 t\u00fcm menfaatlerden, K.T. Belediyeler Birli\u011fi\u00a0 M\u00fcd\u00fcr\u00fcn\u00fcn de yararlanmas\u0131na oy birli\u011fi ile karar verilir.<\/p>\n<p>&nbsp;<\/p>\n<p><strong>Karar No 47\/2024<\/strong><\/p>\n<p>&nbsp;<\/p>\n<p>T\u00fcrkiye \u2013 K\u0131br\u0131s T\u00fcrk Cumhuriyeti \u0130\u015f Birli\u011fi Cemiyeti genel Ba\u015fkan\u0131 R\u00fc\u015fat Aydo\u011fan dan K.T. Belediyeler Birli\u011fi Ba\u015fkanl\u0131\u011f\u0131na gelen 11 Aral\u0131k 2024 tarihli davet yaz\u0131s\u0131 uyar\u0131ca 16-20 Aral\u0131k 2024 tarihleri aras\u0131nda ger\u00e7ekle\u015fmesi talep edilen tan\u0131\u015fma, K\u00fclt\u00fcr, Sanat, Tesis, M\u00fczeler, Turizm ve Belediye Ba\u015fkanlar\u0131 ziyareti ile ilgili yap\u0131lacak resmi programl\u0131 ziyaretin i\u015f yo\u011funlu\u011fu nedeni ile Ocak 2025 ay\u0131 i\u00e7erisinde yap\u0131lmas\u0131 ve belirlenecek tarihler aras\u0131nda programlanarak ger\u00e7ekle\u015ftirilmesi y\u00f6n\u00fcnde T\u00fcrkiye \u2013 K\u0131br\u0131s T\u00fcrk Cumhuriyeti\u00a0 \u0130\u015fbirli\u011fi Cemiyeti genel ba\u015fkan\u0131ndan yaz\u0131l\u0131 talepte bulunulmas\u0131na ve gelecek yaz\u0131l\u0131 yan\u0131ta g\u00f6re uygulamaya konulmas\u0131na oybirli\u011fi ile karar verilir.<\/p>\n<p>&nbsp;<\/p>\n<p><strong>Karar No 48\/2024<\/strong><\/p>\n<p>&nbsp;<\/p>\n<p>Y\u00fcr\u00fctme Kurulu, haz\u0131rlanm\u0131\u015f olan Katma De\u011fer Vergisi Oranlar\u0131 (De\u011fi\u015fiklik) T\u00fcz\u00fc\u011f\u00fc Tasla\u011f\u0131n\u0131 inceleyip Taslak i\u00e7eri\u011fi ile ilgili \u00e7ekincelerini de\u011ferlendirdikten sonra bir Belediyenin hissedar\u0131 oldu\u011fu \u015firketten alaca\u011f\u0131 hizmet kar\u015f\u0131l\u0131\u011f\u0131 kesilen faturalarda ilgili Belediyenin KDV y\u00fck\u00fcml\u00fcs\u00fc olmamas\u0131 ve\/veya KDV den muaf tutulmas\u0131 y\u00f6n\u00fcnde Maliye Bakanl\u0131\u011f\u0131 ve\/veya\u00a0 Gelir ve Vergi Dairesi M\u00fcd\u00fcr\u00fc ile \u00a0\u00a0g\u00f6r\u00fc\u015fme yap\u0131lmas\u0131na ve \u00c7ifte vergilendirme yap\u0131lmamas\u0131, Belediye \u015firketlerinin KDV alacakl\u0131s\u0131 pozisyonuna ge\u00e7irilmeleri i\u00e7in T\u00fcz\u00fck Tasla\u011f\u0131 i\u00e7erisine \u00f6nleyici madde konulmas\u0131na ve Belediye b\u00fct\u00e7elerinin daha verimli kullan\u0131labilmesi ad\u0131na Belediye \u015firketlerinden kendi Belediyelerine verdikleri hizmet faturas\u0131 \u00fczerinden Belediyelerin y\u00fckl\u00fc bir KDV m\u00fckellefi olmalar\u0131n\u0131n \u00f6nlenebilmesi i\u00e7in mahsupla\u015fma yap\u0131lmas\u0131n\u0131 sa\u011flay\u0131c\u0131 d\u00fczenlemeler yap\u0131lmas\u0131 gerekti\u011fine ve bu y\u00f6nde Maliye Bakanl\u0131\u011f\u0131na giri\u015fimde bulunulmas\u0131na oy birli\u011fi ile karar verilir.<\/p>\n<p>&nbsp;<\/p>\n<p><strong>Karar No: 49\/ 2024<\/strong><\/p>\n<p>&nbsp;<\/p>\n<p>K.T. Belediyeler Birli\u011finin yapm\u0131\u015f oldu\u011fu \u00f6demelerle ilgili, 2022 y\u0131l\u0131nda 319 3386 nolu 70. TL tutar\u0131ndaki \u0130brahim Alda\u011fa verilen \u00e7ek, yine 3154302 nolu 1.415 TL ve 3113337 nolu 200 TL tutar\u0131ndaki Burcu Kebaba \u00a0\u00a0verilen \u00e7eklerin bozdurulmad\u0131\u011f\u0131 i\u00e7in,\u00a0 2024 y\u0131l\u0131 B\u00fct\u00e7esi gelirlerine i\u015flenmesine \u00a0ve 2024 y\u0131l\u0131nda 333782 nolu 1.500 TL tutar\u0131ndaki Ya\u015far Karacaya yaz\u0131l\u0131p aranmayan \u00e7ekin de yine 2024 y\u0131l\u0131 B\u00fct\u00e7esi gelirlerine i\u015flenmesine oy birli\u011fi ile karar verilmi\u015ftir.<\/p>\n<p><strong>Karar 50\/ 2024<\/strong><\/p>\n<p>&nbsp;<\/p>\n<p>K.T. Belediyeler Birli\u011fi Br\u00fcksel \u00a0heyetinin 5-9 \u015eubat 2025 tarihlerinde ger\u00e7ekle\u015ftirecekleri g\u00f6r\u00fc\u015fmeler i\u00e7in t\u00fcm u\u00e7ak biletleri konaklama ve di\u011fer harcamalar\u0131n\u0131n, K.T. Belediyeler Birli\u011fi Genel B\u00fct\u00e7esinden yap\u0131lmas\u0131na oy birli\u011fi ile karar verilmi\u015ftir.<\/p>\n<p>&nbsp;<\/p>\n","protected":false},"excerpt":{"rendered":"<p>Karar No 38 \/ 2024 2025 Y\u0131l\u0131 B\u00fct\u00e7e haz\u0131rl\u0131klar\u0131 hakk\u0131nda [&hellip;]<\/p>\n","protected":false},"author":10,"featured_media":0,"parent":0,"menu_order":0,"comment_status":"closed","ping_status":"closed","template":"","meta":{"footnotes":""},"class_list":["post-19211","page","type-page","status-publish","hentry"],"_links":{"self":[{"href":"https:\/\/ktbb.org\/v1\/wp-json\/wp\/v2\/pages\/19211","targetHints":{"allow":["GET"]}}],"collection":[{"href":"https:\/\/ktbb.org\/v1\/wp-json\/wp\/v2\/pages"}],"about":[{"href":"https:\/\/ktbb.org\/v1\/wp-json\/wp\/v2\/types\/page"}],"author":[{"embeddable":true,"href":"https:\/\/ktbb.org\/v1\/wp-json\/wp\/v2\/users\/10"}],"replies":[{"embeddable":true,"href":"https:\/\/ktbb.org\/v1\/wp-json\/wp\/v2\/comments?post=19211"}],"version-history":[{"count":1,"href":"https:\/\/ktbb.org\/v1\/wp-json\/wp\/v2\/pages\/19211\/revisions"}],"predecessor-version":[{"id":19212,"href":"https:\/\/ktbb.org\/v1\/wp-json\/wp\/v2\/pages\/19211\/revisions\/19212"}],"wp:attachment":[{"href":"https:\/\/ktbb.org\/v1\/wp-json\/wp\/v2\/media?parent=19211"}],"curies":[{"name":"wp","href":"https:\/\/api.w.org\/{rel}","templated":true}]}}