{"id":19224,"date":"2025-02-27T15:16:48","date_gmt":"2025-02-27T13:16:48","guid":{"rendered":"https:\/\/ktbb.org\/v1\/?page_id=19224"},"modified":"2025-02-27T15:16:48","modified_gmt":"2025-02-27T13:16:48","slug":"22-ocak-2025-tarihli-1-birlik-yurutme-kurulu-toplantisi","status":"publish","type":"page","link":"https:\/\/ktbb.org\/v1\/22-ocak-2025-tarihli-1-birlik-yurutme-kurulu-toplantisi\/","title":{"rendered":"22 Ocak 2025 Tarihli 1. Birlik Y\u00fcr\u00fctme Kurulu Toplant\u0131s\u0131"},"content":{"rendered":"<h2 class=\"entry-title fusion-post-title fusion-responsive-typography-calculated\" data-fontsize=\"18\" data-lineheight=\"27px\"><\/h2>\n<div class=\"post-content\">\n<p><strong>Karar : 1 \/ 2025<\/strong><\/p>\n<p><strong>\u00a0<\/strong><\/p>\n<p>K.T. Belediyeler Birli\u011fi 2024 y\u0131l\u0131 kesin hesaplar\u0131n\u0131n ve 2025 y\u0131l\u0131 genel b\u00fct\u00e7esinin Y\u00fcr\u00fctme Kuruluna okunup, Genel Y\u00f6netim Kurulunun onay\u0131na sunulmas\u0131na oy birli\u011fi ile karar verilmi\u015ftir.<\/p>\n<\/div>\n","protected":false},"excerpt":{"rendered":"<p>Karar : 1 \/ 2025 \u00a0 K.T. Belediyeler Birli\u011fi 2024 [&hellip;]<\/p>\n","protected":false},"author":10,"featured_media":0,"parent":0,"menu_order":0,"comment_status":"closed","ping_status":"closed","template":"","meta":{"footnotes":""},"class_list":["post-19224","page","type-page","status-publish","hentry"],"_links":{"self":[{"href":"https:\/\/ktbb.org\/v1\/wp-json\/wp\/v2\/pages\/19224","targetHints":{"allow":["GET"]}}],"collection":[{"href":"https:\/\/ktbb.org\/v1\/wp-json\/wp\/v2\/pages"}],"about":[{"href":"https:\/\/ktbb.org\/v1\/wp-json\/wp\/v2\/types\/page"}],"author":[{"embeddable":true,"href":"https:\/\/ktbb.org\/v1\/wp-json\/wp\/v2\/users\/10"}],"replies":[{"embeddable":true,"href":"https:\/\/ktbb.org\/v1\/wp-json\/wp\/v2\/comments?post=19224"}],"version-history":[{"count":1,"href":"https:\/\/ktbb.org\/v1\/wp-json\/wp\/v2\/pages\/19224\/revisions"}],"predecessor-version":[{"id":19225,"href":"https:\/\/ktbb.org\/v1\/wp-json\/wp\/v2\/pages\/19224\/revisions\/19225"}],"wp:attachment":[{"href":"https:\/\/ktbb.org\/v1\/wp-json\/wp\/v2\/media?parent=19224"}],"curies":[{"name":"wp","href":"https:\/\/api.w.org\/{rel}","templated":true}]}}