{"id":2654,"date":"2023-05-11T09:33:16","date_gmt":"2023-05-11T07:33:16","guid":{"rendered":"http:\/\/ktbb.org\/v1\/?page_id=2654"},"modified":"2023-05-11T10:17:52","modified_gmt":"2023-05-11T08:17:52","slug":"mehmet-harmanci","status":"publish","type":"page","link":"https:\/\/ktbb.org\/v1\/mehmet-harmanci\/","title":{"rendered":"Mehmet Harmanc\u0131"},"content":{"rendered":"<p><img decoding=\"async\" class=\"alignnone size-medium wp-image-15247\" src=\"http:\/\/ktbb.org\/v1\/wp-content\/uploads\/2023\/05\/harmanci_yeni_foto-300x300.jpg\" alt=\"\" width=\"300\" height=\"300\" srcset=\"https:\/\/ktbb.org\/v1\/wp-content\/uploads\/2023\/05\/harmanci_yeni_foto-66x66.jpg 66w, https:\/\/ktbb.org\/v1\/wp-content\/uploads\/2023\/05\/harmanci_yeni_foto-150x150.jpg 150w, https:\/\/ktbb.org\/v1\/wp-content\/uploads\/2023\/05\/harmanci_yeni_foto-200x200.jpg 200w, https:\/\/ktbb.org\/v1\/wp-content\/uploads\/2023\/05\/harmanci_yeni_foto-300x300.jpg 300w, https:\/\/ktbb.org\/v1\/wp-content\/uploads\/2023\/05\/harmanci_yeni_foto-400x400.jpg 400w, https:\/\/ktbb.org\/v1\/wp-content\/uploads\/2023\/05\/harmanci_yeni_foto-600x600.jpg 600w, https:\/\/ktbb.org\/v1\/wp-content\/uploads\/2023\/05\/harmanci_yeni_foto-768x768.jpg 768w, https:\/\/ktbb.org\/v1\/wp-content\/uploads\/2023\/05\/harmanci_yeni_foto-800x800.jpg 800w, https:\/\/ktbb.org\/v1\/wp-content\/uploads\/2023\/05\/harmanci_yeni_foto-1024x1024.jpg 1024w, https:\/\/ktbb.org\/v1\/wp-content\/uploads\/2023\/05\/harmanci_yeni_foto-1200x1200.jpg 1200w, https:\/\/ktbb.org\/v1\/wp-content\/uploads\/2023\/05\/harmanci_yeni_foto-1536x1536.jpg 1536w, https:\/\/ktbb.org\/v1\/wp-content\/uploads\/2023\/05\/harmanci_yeni_foto-scaled.jpg 2560w\" sizes=\"(max-width: 300px) 100vw, 300px\" \/><\/p>\n<p>1977 y\u0131l\u0131nda Lefko\u015fa\u2019da do\u011fan Mehmet Harmanc\u0131 T\u00fcrk Maarif Koleji (TMK) mezunudur. Lisans e\u011fitimini Do\u011fu Akdeniz \u00dcniversitesi (DA\u00dc) Uluslararas\u0131 \u0130li\u015fkiler b\u00f6l\u00fcm\u00fcnde tamamlay\u0131p, \u00fcniversite \u00f6\u011frenimi boyunca DA\u00dc-K\u00d6B (Do\u011fu Akdeniz \u00dcniversitesi K\u0131br\u0131sl\u0131 \u00d6\u011frenciler Birli\u011fi) \u00f6\u011frenci inisiyatifinde aktif g\u00f6revlerde bulundu. Harmanc\u0131, y\u00fcksek lisans derecesini Liverpool John Moores \u00dcniversitesi AB ve Politika alan\u0131nda tamamlad\u0131.<\/p>\n<p>Toplumcu Kurtulu\u015f Partisi (TKP)\u2019nde siyasi ya\u015fam\u0131na ba\u015flay\u0131p TKP ve Bar\u0131\u015f ve Demokrasi Hareketi (BDH) Gen\u00e7lik Komitesi Ba\u015fkanl\u0131\u011f\u0131 g\u00f6revlerini \u00fcstlendi.<\/p>\n<p>Sivil Toplum \u00d6rg\u00fctleri ve uluslararas\u0131 kurulu\u015flarda y\u00f6neticilik g\u00f6revleri \u00fcstlenen Harmanc\u0131; K\u0131br\u0131s\u2019\u0131n kuzeyine AB taraf\u0131ndan sa\u011flanan yard\u0131m paketinin fizibilite \u00e7al\u0131\u015fmalar\u0131 ile projelerinde y\u00f6neticilik ve koordinat\u00f6rl\u00fck g\u00f6revlerinde bulundu.<\/p>\n<p>2005 \u2013 2008 y\u0131llar\u0131 aras\u0131nda K\u0131br\u0131s\u2019\u0131n kuzeyinde faaliyet g\u00f6steren \u00f6zel bir tur operat\u00f6rl\u00fc\u011f\u00fc firmas\u0131nda Genel M\u00fcd\u00fcr olarak \u00e7al\u0131\u015ft\u0131.<\/p>\n<p>2008 y\u0131l\u0131nda Amerika\u2019da d\u00fczenlenen \u201cAvrupal\u0131 Gen\u00e7 Liderler\u201d program\u0131na davet alarak kat\u0131ld\u0131. The Management Center (Y\u00f6neticilik Merkezi)\u2019nde iki toplumlu \u201cEngage Projesi\u201dnin y\u00f6neticili\u011fini yapt\u0131.<\/p>\n<p>Haziran \u2013 Eyl\u00fcl 2013 tarihlerinde &#8216;Turizm, \u00c7evre ve K\u00fclt\u00fcr Bakan\u0131&#8217; olarak g\u00f6rev ald\u0131. Toplumcu Demokrasi Partisi (TDP) Lefko\u015fa \u0130l\u00e7e Ba\u015fkanl\u0131\u011f\u0131 ve Genel Sekreter Yard\u0131mc\u0131l\u0131\u011f\u0131 g\u00f6revlerinde bulunan Mehmet Harmanc\u0131, 4. Ola\u011fan TDP Kurultay\u0131\u2019nda Parti Meclisi\u2019ne, ard\u0131nda da Genel Sekreterlik g\u00f6revine se\u00e7ildi.<\/p>\n<p>Ba\u015fkent belediye ba\u015fkanl\u0131\u011f\u0131 g\u00f6revinin yan\u0131 s\u0131ra kendisine ait blog sitesinde edebiyat, politika, turizm ve hayata dair yaz\u0131lar yazmaya devam etmektedir.<\/p>\n<p>K\u0131br\u0131s\u2019\u0131n kuzeyine Avrupa\u2019dan turlar d\u00fczenleyen, pek \u00e7ok otel taraf\u0131ndan \u2018En \u0130yi Tur Operat\u00f6r\u00fc\u2019 \u00f6d\u00fcl\u00fcn\u00fc alm\u0131\u015f\u0327 \u00f6zel bir firmada Genel M\u00fcd\u00fcr olarak g\u00f6rev yapt\u0131.<\/p>\n<p>Haziran 2014 yerel se\u00e7imlerinde Lefko\u015fa T\u00fcrk Belediyesi ba\u015fkanl\u0131\u011f\u0131na ilk kez se\u00e7ilen Mehmet Harmanc\u0131, Haziran 2018 ve Aral\u0131k 2022 tarihlerindeki se\u00e7imlerde yeniden LTB Ba\u015fkanl\u0131k g\u00f6revine se\u00e7ilmi\u015ftir.<\/p>\n<p>Ba\u015fkan Harmanc\u0131, iyi derecede \u0130ngilizce bilmektedir. Evli olup bir \u00e7ocu\u011fu vard\u0131r.<\/p>\n","protected":false},"excerpt":{"rendered":"<p>1977 y\u0131l\u0131nda Lefko\u015fa\u2019da do\u011fan Mehmet Harmanc\u0131 T\u00fcrk Maarif Koleji (TMK) [&hellip;]<\/p>\n","protected":false},"author":9,"featured_media":0,"parent":0,"menu_order":0,"comment_status":"closed","ping_status":"closed","template":"","meta":{"footnotes":""},"class_list":["post-2654","page","type-page","status-publish","hentry"],"_links":{"self":[{"href":"https:\/\/ktbb.org\/v1\/wp-json\/wp\/v2\/pages\/2654","targetHints":{"allow":["GET"]}}],"collection":[{"href":"https:\/\/ktbb.org\/v1\/wp-json\/wp\/v2\/pages"}],"about":[{"href":"https:\/\/ktbb.org\/v1\/wp-json\/wp\/v2\/types\/page"}],"author":[{"embeddable":true,"href":"https:\/\/ktbb.org\/v1\/wp-json\/wp\/v2\/users\/9"}],"replies":[{"embeddable":true,"href":"https:\/\/ktbb.org\/v1\/wp-json\/wp\/v2\/comments?post=2654"}],"version-history":[{"count":5,"href":"https:\/\/ktbb.org\/v1\/wp-json\/wp\/v2\/pages\/2654\/revisions"}],"predecessor-version":[{"id":15248,"href":"https:\/\/ktbb.org\/v1\/wp-json\/wp\/v2\/pages\/2654\/revisions\/15248"}],"wp:attachment":[{"href":"https:\/\/ktbb.org\/v1\/wp-json\/wp\/v2\/media?parent=2654"}],"curies":[{"name":"wp","href":"https:\/\/api.w.org\/{rel}","templated":true}]}}

Mehmet Harmancı

<p><img decoding="async" class="alignnone size-medium wp-image-15247" src="http://ktbb.org/v1/wp-content/uploads/2023/05/harmanci_yeni_foto-300x300.jpg" alt="" width="300" height="300" srcset="https://ktbb.org/v1/wp-content/uploads/2023/05/harmanci_yeni_foto-66x66.jpg 66w, https://ktbb.org/v1/wp-content/uploads/2023/05/harmanci_yeni_foto-150x150.jpg 150w, https://ktbb.org/v1/wp-content/uploads/2023/05/harmanci_yeni_foto-200x200.jpg 200w, https://ktbb.org/v1/wp-content/uploads/2023/05/harmanci_yeni_foto-300x300.jpg 300w, https://ktbb.org/v1/wp-content/uploads/2023/05/harmanci_yeni_foto-400x400.jpg 400w, https://ktbb.org/v1/wp-content/uploads/2023/05/harmanci_yeni_foto-600x600.jpg 600w, https://ktbb.org/v1/wp-content/uploads/2023/05/harmanci_yeni_foto-768x768.jpg 768w, https://ktbb.org/v1/wp-content/uploads/2023/05/harmanci_yeni_foto-800x800.jpg 800w, https://ktbb.org/v1/wp-content/uploads/2023/05/harmanci_yeni_foto-1024x1024.jpg 1024w, https://ktbb.org/v1/wp-content/uploads/2023/05/harmanci_yeni_foto-1200x1200.jpg 1200w, https://ktbb.org/v1/wp-content/uploads/2023/05/harmanci_yeni_foto-1536x1536.jpg 1536w, https://ktbb.org/v1/wp-content/uploads/2023/05/harmanci_yeni_foto-scaled.jpg 2560w" sizes="(max-width: 300px) 100vw, 300px" /></p>
<p>1977 yılında Lefkoşa’da doğan Mehmet Harmancı Türk Maarif Koleji (TMK) mezunudur. Lisans eğitimini Doğu Akdeniz Üniversitesi (DAÜ) Uluslararası İlişkiler bölümünde tamamlayıp, üniversite öğrenimi boyunca DAÜ-KÖB (Doğu Akdeniz Üniversitesi Kıbrıslı Öğrenciler Birliği) öğrenci inisiyatifinde aktif görevlerde bulundu. Harmancı, yüksek lisans derecesini Liverpool John Moores Üniversitesi AB ve Politika alanında tamamladı.</p>
<p>Toplumcu Kurtuluş Partisi (TKP)’nde siyasi yaşamına başlayıp TKP ve Barış ve Demokrasi Hareketi (BDH) Gençlik Komitesi Başkanlığı görevlerini üstlendi.</p>
<p>Sivil Toplum Örgütleri ve uluslararası kuruluşlarda yöneticilik görevleri üstlenen Harmancı; Kıbrıs’ın kuzeyine AB tarafından sağlanan yardım paketinin fizibilite çalışmaları ile projelerinde yöneticilik ve koordinatörlük görevlerinde bulundu.</p>
<p>2005 – 2008 yılları arasında Kıbrıs’ın kuzeyinde faaliyet gösteren özel bir tur operatörlüğü firmasında Genel Müdür olarak çalıştı.</p>
<p>2008 yılında Amerika’da düzenlenen “Avrupalı Genç Liderler” programına davet alarak katıldı. The Management Center (Yöneticilik Merkezi)’nde iki toplumlu “Engage Projesi”nin yöneticiliğini yaptı.</p>
<p>Haziran – Eylül 2013 tarihlerinde &#8216;Turizm, Çevre ve Kültür Bakanı&#8217; olarak görev aldı. Toplumcu Demokrasi Partisi (TDP) Lefkoşa İlçe Başkanlığı ve Genel Sekreter Yardımcılığı görevlerinde bulunan Mehmet Harmancı, 4. Olağan TDP Kurultayı’nda Parti Meclisi’ne, ardında da Genel Sekreterlik görevine seçildi.</p>
<p>Başkent belediye başkanlığı görevinin yanı sıra kendisine ait blog sitesinde edebiyat, politika, turizm ve hayata dair yazılar yazmaya devam etmektedir.</p>
<p>Kıbrıs’ın kuzeyine Avrupa’dan turlar düzenleyen, pek çok otel tarafından ‘En İyi Tur Operatörü’ ödülünü almış̧ özel bir firmada Genel Müdür olarak görev yaptı.</p>
<p>Haziran 2014 yerel seçimlerinde Lefkoşa Türk Belediyesi başkanlığına ilk kez seçilen Mehmet Harmancı, Haziran 2018 ve Aralık 2022 tarihlerindeki seçimlerde yeniden LTB Başkanlık görevine seçilmiştir.</p>
<p>Başkan Harmancı, iyi derecede İngilizce bilmektedir. Evli olup bir çocuğu vardır.</p>

<p>1977 yılında Lefkoşa’da doğan Mehmet Harmancı Türk Maarif Koleji (TMK) [&hellip;]</p>
