{"id":2670,"date":"2018-11-21T13:43:14","date_gmt":"2018-11-21T13:43:14","guid":{"rendered":"http:\/\/ktbb.org\/v1\/?page_id=2670"},"modified":"2020-12-22T06:34:34","modified_gmt":"2020-12-22T06:34:34","slug":"mustafa-zurnacilar","status":"publish","type":"page","link":"https:\/\/ktbb.org\/v1\/mustafa-zurnacilar\/","title":{"rendered":"Mustafa Zurnac\u0131lar"},"content":{"rendered":"<p><img decoding=\"async\" class=\"alignnone size-medium wp-image-1786\" src=\"http:\/\/ktbb.org\/v1\/wp-content\/uploads\/2018\/06\/yenibogazici-mustafa-zurnacilar-225x300.jpg\" alt=\"\" width=\"225\" height=\"300\" srcset=\"https:\/\/ktbb.org\/v1\/wp-content\/uploads\/2018\/06\/yenibogazici-mustafa-zurnacilar-120x160.jpg 120w, https:\/\/ktbb.org\/v1\/wp-content\/uploads\/2018\/06\/yenibogazici-mustafa-zurnacilar-200x267.jpg 200w, https:\/\/ktbb.org\/v1\/wp-content\/uploads\/2018\/06\/yenibogazici-mustafa-zurnacilar-225x300.jpg 225w, https:\/\/ktbb.org\/v1\/wp-content\/uploads\/2018\/06\/yenibogazici-mustafa-zurnacilar-400x533.jpg 400w, https:\/\/ktbb.org\/v1\/wp-content\/uploads\/2018\/06\/yenibogazici-mustafa-zurnacilar-600x800.jpg 600w, https:\/\/ktbb.org\/v1\/wp-content\/uploads\/2018\/06\/yenibogazici-mustafa-zurnacilar-768x1024.jpg 768w, https:\/\/ktbb.org\/v1\/wp-content\/uploads\/2018\/06\/yenibogazici-mustafa-zurnacilar-800x1066.jpg 800w, https:\/\/ktbb.org\/v1\/wp-content\/uploads\/2018\/06\/yenibogazici-mustafa-zurnacilar-1200x1600.jpg 1200w, https:\/\/ktbb.org\/v1\/wp-content\/uploads\/2018\/06\/yenibogazici-mustafa-zurnacilar.jpg 1772w\" sizes=\"(max-width: 225px) 100vw, 225px\" \/><\/p>\n<p>1 Eyl\u00fcl 1973 y\u0131l\u0131nda Bo\u011fazi\u00e7i-Larnaka\u2019da do\u011fdu.<\/p>\n<p>1974 Bar\u0131\u015f Harekat\u0131 sonras\u0131nda g\u00f6\u00e7men olarak ailesi ile birlikte Gazima\u011fusa\u2019ya ba\u011fl\u0131 Yenibo\u011fazi\u00e7i k\u00f6y\u00fcne yerle\u015fti.<\/p>\n<p>\u0130lkokulu Yenibo\u011fazi\u00e7i \u0130lkokulu\u2019nda, ortaokulu Canbulat Lisesi\u2019nde, liseyi de Dr. Faz\u0131l K\u00fc\u00e7\u00fck End\u00fcstri Meslek Lisesi\u2019nde tamamlad\u0131. Ard\u0131ndan Anadolu \u00dcniversitesi \u0130ktisat Fak\u00fcltesi Kamu Y\u00f6netimi b\u00f6l\u00fcm\u00fcnden mezun oldu. 1995\u2019ten itibaren Yenibo\u011fazi\u00e7i Belediyesi\u2019nde i\u015fe ba\u015flad\u0131. 22 y\u0131l Yenibo\u011fazi\u00e7i Spor Kul\u00fcb\u00fc\u2019nde futbolcu, antren\u00f6r ve y\u00f6netici olarak hizmet verdi.<\/p>\n<p>Ayr\u0131ca Yenibo\u011fazi\u00e7i Okul Aile Birli\u011fi\u2019nde \u00e7e\u015fitli d\u00f6nemlerde y\u00f6netici ve di\u011fer yard\u0131m kurulu\u015flar\u0131nda g\u00f6n\u00fcll\u00fc olarak \u00e7al\u0131\u015ft\u0131.<\/p>\n<p>Zurnac\u0131lar, 24 Haziran 2018\u2019de ilk kez belediye ba\u015fkan\u0131 se\u00e7ildi.<\/p>\n","protected":false},"excerpt":{"rendered":"<p>1 Eyl\u00fcl 1973 y\u0131l\u0131nda Bo\u011fazi\u00e7i-Larnaka\u2019da do\u011fdu. 1974 Bar\u0131\u015f Harekat\u0131 sonras\u0131nda [&hellip;]<\/p>\n","protected":false},"author":9,"featured_media":0,"parent":0,"menu_order":0,"comment_status":"closed","ping_status":"closed","template":"","meta":{"footnotes":""},"class_list":["post-2670","page","type-page","status-publish","hentry"],"_links":{"self":[{"href":"https:\/\/ktbb.org\/v1\/wp-json\/wp\/v2\/pages\/2670","targetHints":{"allow":["GET"]}}],"collection":[{"href":"https:\/\/ktbb.org\/v1\/wp-json\/wp\/v2\/pages"}],"about":[{"href":"https:\/\/ktbb.org\/v1\/wp-json\/wp\/v2\/types\/page"}],"author":[{"embeddable":true,"href":"https:\/\/ktbb.org\/v1\/wp-json\/wp\/v2\/users\/9"}],"replies":[{"embeddable":true,"href":"https:\/\/ktbb.org\/v1\/wp-json\/wp\/v2\/comments?post=2670"}],"version-history":[{"count":3,"href":"https:\/\/ktbb.org\/v1\/wp-json\/wp\/v2\/pages\/2670\/revisions"}],"predecessor-version":[{"id":9807,"href":"https:\/\/ktbb.org\/v1\/wp-json\/wp\/v2\/pages\/2670\/revisions\/9807"}],"wp:attachment":[{"href":"https:\/\/ktbb.org\/v1\/wp-json\/wp\/v2\/media?parent=2670"}],"curies":[{"name":"wp","href":"https:\/\/api.w.org\/{rel}","templated":true}]}}