{"id":2672,"date":"2023-05-11T09:45:01","date_gmt":"2023-05-11T07:45:01","guid":{"rendered":"http:\/\/ktbb.org\/v1\/?page_id=2672"},"modified":"2023-05-11T10:29:38","modified_gmt":"2023-05-11T08:29:38","slug":"firat-ataser","status":"publish","type":"page","link":"https:\/\/ktbb.org\/v1\/firat-ataser\/","title":{"rendered":"F\u0131rat Ataser"},"content":{"rendered":"<p><img decoding=\"async\" class=\"alignnone size-medium wp-image-15260\" src=\"http:\/\/ktbb.org\/v1\/wp-content\/uploads\/2023\/05\/firat-ataser-200x300.jpg\" alt=\"\" width=\"200\" height=\"300\" srcset=\"https:\/\/ktbb.org\/v1\/wp-content\/uploads\/2023\/05\/firat-ataser-200x301.jpg 200w, https:\/\/ktbb.org\/v1\/wp-content\/uploads\/2023\/05\/firat-ataser-400x601.jpg 400w, https:\/\/ktbb.org\/v1\/wp-content\/uploads\/2023\/05\/firat-ataser-600x902.jpg 600w, https:\/\/ktbb.org\/v1\/wp-content\/uploads\/2023\/05\/firat-ataser-681x1024.jpg 681w, https:\/\/ktbb.org\/v1\/wp-content\/uploads\/2023\/05\/firat-ataser-768x1154.jpg 768w, https:\/\/ktbb.org\/v1\/wp-content\/uploads\/2023\/05\/firat-ataser-800x1202.jpg 800w, https:\/\/ktbb.org\/v1\/wp-content\/uploads\/2023\/05\/firat-ataser-1022x1536.jpg 1022w, https:\/\/ktbb.org\/v1\/wp-content\/uploads\/2023\/05\/firat-ataser-1200x1803.jpg 1200w, https:\/\/ktbb.org\/v1\/wp-content\/uploads\/2023\/05\/firat-ataser-1363x2048.jpg 1363w, https:\/\/ktbb.org\/v1\/wp-content\/uploads\/2023\/05\/firat-ataser-scaled.jpg 1703w\" sizes=\"(max-width: 200px) 100vw, 200px\" \/><\/p>\n<p>&nbsp;<\/p>\n<p>1976 y\u0131l\u0131nda Girne\u2019de do\u011fan F\u0131rat Ataser, Alsancak\u2019ta \u00f6\u011frenimini tamamlad\u0131ktan sonra aile \u015firketinde i\u015f hayat\u0131na ba\u015flad\u0131. Ataser, karde\u015fleri ile birlikte kurdu\u011fu Ataser, \u0130n\u015faat ve Nakliyat \u015eirketi\u2019nde Y\u00f6netici olarak \u00e7al\u0131\u015ft\u0131. Bug\u00fcne kadar bir\u00e7ok sivil toplum \u00f6rg\u00fctlerinde de faal olan Ataser, sporla yak\u0131ndan ilgilendi. Aktif olarak futbolculu\u011fu b\u0131rakt\u0131ktan sonra 2005 \u2013 2006 y\u0131l\u0131nda Alsancak Ye\u015filova Spor Kul\u00fcb\u00fcnde y\u00f6netici olarak g\u00f6rev ald\u0131.<\/p>\n<p>2013 y\u0131l\u0131nda yeniden Alsancak Ye\u015filova Spor Kul\u00fcb\u00fcnde y\u00f6netime giren Ataser, kul\u00fcb\u00fcn ikinci ba\u015fkanl\u0131k g\u00f6revini y\u00fcr\u00fctt\u00fc. Avc\u0131l\u0131k ve At\u0131c\u0131l\u0131k Kul\u00fcb\u00fcnde y\u00f6netici olarak y\u00fczme sporuna da olan tutkusundan dolay\u0131 Alsancak Amat\u00f6r Gezi Tekneleri ve Bal\u0131k\u00e7\u0131lar birli\u011finin de kurucu \u00fcyesi olmu\u015ftur.<\/p>\n<p>2006 y\u0131l\u0131ndan bu yana Alsancak Belediye Meclis \u00dcyesi olarak g\u00f6rev alan Ataser, 2014 Haziran ay\u0131nda yap\u0131lan Yerel Se\u00e7imlerinde halk\u0131n b\u00fcy\u00fck bir \u00e7o\u011funlu\u011funun oyunu alarak Belediye Ba\u015fkan\u0131 olmaya hak kazanm\u0131\u015ft\u0131r. G\u00f6rev s\u00fcresince bir\u00e7ok ba\u015far\u0131l\u0131 projelere imza atarak Alsancak\u2019\u0131 hak etti\u011fi \u00e7ehreye kavu\u015fturdu.2018 y\u0131l\u0131nda yap\u0131lan se\u00e7imlerde ise %83 oy oran\u0131yla\u00a0 KKTC\u2019de en y\u00fcksek oyu alarak 2.kez ba\u015fkan se\u00e7ildi.<\/p>\n<p>KKTC\u2019de belediyelerin birle\u015ftirilmesi ile birlikte\u00a0 25 Aral\u0131k 2022\u2019de yap\u0131lan Lapta-Alsancak- \u00c7aml\u0131bel Belediye ba\u015fkanl\u0131\u011f\u0131 se\u00e7imlerini F\u0131rat Ataser kazand\u0131 ve halen bu g\u00f6revine devam ettirmektedir.<\/p>\n<p>Lapta-Alsancak-\u00c7aml\u0131bel Belediye Ba\u015fkan\u0131 F\u0131rat Ataser evli ve iki \u00e7ocuk babas\u0131d\u0131r.<\/p>\n","protected":false},"excerpt":{"rendered":"<p>&nbsp; 1976 y\u0131l\u0131nda Girne\u2019de do\u011fan F\u0131rat Ataser, Alsancak\u2019ta \u00f6\u011frenimini tamamlad\u0131ktan [&hellip;]<\/p>\n","protected":false},"author":9,"featured_media":0,"parent":0,"menu_order":0,"comment_status":"closed","ping_status":"closed","template":"","meta":{"footnotes":""},"class_list":["post-2672","page","type-page","status-publish","hentry"],"_links":{"self":[{"href":"https:\/\/ktbb.org\/v1\/wp-json\/wp\/v2\/pages\/2672","targetHints":{"allow":["GET"]}}],"collection":[{"href":"https:\/\/ktbb.org\/v1\/wp-json\/wp\/v2\/pages"}],"about":[{"href":"https:\/\/ktbb.org\/v1\/wp-json\/wp\/v2\/types\/page"}],"author":[{"embeddable":true,"href":"https:\/\/ktbb.org\/v1\/wp-json\/wp\/v2\/users\/9"}],"replies":[{"embeddable":true,"href":"https:\/\/ktbb.org\/v1\/wp-json\/wp\/v2\/comments?post=2672"}],"version-history":[{"count":5,"href":"https:\/\/ktbb.org\/v1\/wp-json\/wp\/v2\/pages\/2672\/revisions"}],"predecessor-version":[{"id":15262,"href":"https:\/\/ktbb.org\/v1\/wp-json\/wp\/v2\/pages\/2672\/revisions\/15262"}],"wp:attachment":[{"href":"https:\/\/ktbb.org\/v1\/wp-json\/wp\/v2\/media?parent=2672"}],"curies":[{"name":"wp","href":"https:\/\/api.w.org\/{rel}","templated":true}]}}