{"id":2698,"date":"2023-05-11T09:52:41","date_gmt":"2023-05-11T07:52:41","guid":{"rendered":"http:\/\/ktbb.org\/v1\/?page_id=2698"},"modified":"2023-05-11T11:08:05","modified_gmt":"2023-05-11T09:08:05","slug":"ahmet-hayri-orcan","status":"publish","type":"page","link":"https:\/\/ktbb.org\/v1\/ahmet-hayri-orcan\/","title":{"rendered":"Ahmet Hayri Or\u00e7an"},"content":{"rendered":"<p><img decoding=\"async\" class=\"alignnone size-medium wp-image-15304\" src=\"http:\/\/ktbb.org\/v1\/wp-content\/uploads\/2023\/05\/Hayri-Orcan-300x300.jpg\" alt=\"\" width=\"300\" height=\"300\" srcset=\"https:\/\/ktbb.org\/v1\/wp-content\/uploads\/2023\/05\/Hayri-Orcan-66x66.jpg 66w, https:\/\/ktbb.org\/v1\/wp-content\/uploads\/2023\/05\/Hayri-Orcan-150x150.jpg 150w, https:\/\/ktbb.org\/v1\/wp-content\/uploads\/2023\/05\/Hayri-Orcan-200x200.jpg 200w, https:\/\/ktbb.org\/v1\/wp-content\/uploads\/2023\/05\/Hayri-Orcan-300x300.jpg 300w, https:\/\/ktbb.org\/v1\/wp-content\/uploads\/2023\/05\/Hayri-Orcan-400x400.jpg 400w, https:\/\/ktbb.org\/v1\/wp-content\/uploads\/2023\/05\/Hayri-Orcan-600x600.jpg 600w, https:\/\/ktbb.org\/v1\/wp-content\/uploads\/2023\/05\/Hayri-Orcan-768x768.jpg 768w, https:\/\/ktbb.org\/v1\/wp-content\/uploads\/2023\/05\/Hayri-Orcan-800x800.jpg 800w, https:\/\/ktbb.org\/v1\/wp-content\/uploads\/2023\/05\/Hayri-Orcan.jpg 828w\" sizes=\"(max-width: 300px) 100vw, 300px\" \/><\/p>\n<p>1965 y\u0131l\u0131nda Kahramanmara\u015f\u2019da do\u011fan Ahmet Hayri Or\u00e7an, ilk, orta ve lise e\u011fitimini tamamlad\u0131ktan sonra 1986 y\u0131l\u0131nda Dicle \u00dcniversitesi ziraat Fak\u00fcltesi\u2019ni kazand\u0131. Mezun olduktan sonra, meslek hayat\u0131na at\u0131ld\u0131.<\/p>\n<p>1994\u2019te Ba\u015fbakanl\u0131k Halkla \u0130li\u015fkiler Dan\u0131\u015fmanl\u0131\u011f\u0131; 1996\u2019da Tar\u0131m ve Orman Bakanl\u0131\u011f\u0131 \u00d6zel Kalem M\u00fcd\u00fcrl\u00fc\u011f\u00fc; 2001\u2019da Sa\u011fl\u0131k Bakanl\u0131\u011f\u0131 \u00d6zel Kalem M\u00fcd\u00fcrl\u00fc\u011f\u00fc yapt\u0131.<\/p>\n<p>Tatl\u0131su Belediye Ba\u015fkanl\u0131\u011f\u0131 g\u00f6revine ilk kez 2002\u2019deki se\u00e7imde se\u00e7ilen Or\u00e7an, aral\u0131ks\u0131z olarak bu g\u00f6revi s\u00fcrd\u00fcr\u00fcyor.<\/p>\n<p>Or\u00e7an, evli ve iki \u00e7ocuk babas\u0131d\u0131r.<\/p>\n","protected":false},"excerpt":{"rendered":"<p>1965 y\u0131l\u0131nda Kahramanmara\u015f\u2019da do\u011fan Ahmet Hayri Or\u00e7an, ilk, orta ve [&hellip;]<\/p>\n","protected":false},"author":9,"featured_media":0,"parent":0,"menu_order":0,"comment_status":"closed","ping_status":"closed","template":"","meta":{"footnotes":""},"class_list":["post-2698","page","type-page","status-publish","hentry"],"_links":{"self":[{"href":"https:\/\/ktbb.org\/v1\/wp-json\/wp\/v2\/pages\/2698","targetHints":{"allow":["GET"]}}],"collection":[{"href":"https:\/\/ktbb.org\/v1\/wp-json\/wp\/v2\/pages"}],"about":[{"href":"https:\/\/ktbb.org\/v1\/wp-json\/wp\/v2\/types\/page"}],"author":[{"embeddable":true,"href":"https:\/\/ktbb.org\/v1\/wp-json\/wp\/v2\/users\/9"}],"replies":[{"embeddable":true,"href":"https:\/\/ktbb.org\/v1\/wp-json\/wp\/v2\/comments?post=2698"}],"version-history":[{"count":5,"href":"https:\/\/ktbb.org\/v1\/wp-json\/wp\/v2\/pages\/2698\/revisions"}],"predecessor-version":[{"id":15306,"href":"https:\/\/ktbb.org\/v1\/wp-json\/wp\/v2\/pages\/2698\/revisions\/15306"}],"wp:attachment":[{"href":"https:\/\/ktbb.org\/v1\/wp-json\/wp\/v2\/media?parent=2698"}],"curies":[{"name":"wp","href":"https:\/\/api.w.org\/{rel}","templated":true}]}}

Ahmet Hayri Orçan

<p><img decoding="async" class="alignnone size-medium wp-image-15304" src="http://ktbb.org/v1/wp-content/uploads/2023/05/Hayri-Orcan-300x300.jpg" alt="" width="300" height="300" srcset="https://ktbb.org/v1/wp-content/uploads/2023/05/Hayri-Orcan-66x66.jpg 66w, https://ktbb.org/v1/wp-content/uploads/2023/05/Hayri-Orcan-150x150.jpg 150w, https://ktbb.org/v1/wp-content/uploads/2023/05/Hayri-Orcan-200x200.jpg 200w, https://ktbb.org/v1/wp-content/uploads/2023/05/Hayri-Orcan-300x300.jpg 300w, https://ktbb.org/v1/wp-content/uploads/2023/05/Hayri-Orcan-400x400.jpg 400w, https://ktbb.org/v1/wp-content/uploads/2023/05/Hayri-Orcan-600x600.jpg 600w, https://ktbb.org/v1/wp-content/uploads/2023/05/Hayri-Orcan-768x768.jpg 768w, https://ktbb.org/v1/wp-content/uploads/2023/05/Hayri-Orcan-800x800.jpg 800w, https://ktbb.org/v1/wp-content/uploads/2023/05/Hayri-Orcan.jpg 828w" sizes="(max-width: 300px) 100vw, 300px" /></p>
<p>1965 yılında Kahramanmaraş’da doğan Ahmet Hayri Orçan, ilk, orta ve lise eğitimini tamamladıktan sonra 1986 yılında Dicle Üniversitesi ziraat Fakültesi’ni kazandı. Mezun olduktan sonra, meslek hayatına atıldı.</p>
<p>1994’te Başbakanlık Halkla İlişkiler Danışmanlığı; 1996’da Tarım ve Orman Bakanlığı Özel Kalem Müdürlüğü; 2001’da Sağlık Bakanlığı Özel Kalem Müdürlüğü yaptı.</p>
<p>Tatlısu Belediye Başkanlığı görevine ilk kez 2002’deki seçimde seçilen Orçan, aralıksız olarak bu görevi sürdürüyor.</p>
<p>Orçan, evli ve iki çocuk babasıdır.</p>

<p>1965 yılında Kahramanmaraş’da doğan Ahmet Hayri Orçan, ilk, orta ve [&hellip;]</p>
