{"id":28,"date":"2015-03-07T07:37:27","date_gmt":"2015-03-07T07:37:27","guid":{"rendered":"http:\/\/ktbb.org\/v1\/?page_id=28"},"modified":"2025-02-27T15:17:34","modified_gmt":"2025-02-27T13:17:34","slug":"yurutme-kurulu-ve-alinan-kararlar","status":"publish","type":"page","link":"https:\/\/ktbb.org\/v1\/yurutme-kurulu-ve-alinan-kararlar\/","title":{"rendered":"Y\u00fcr\u00fctme Kurulu ve Al\u0131nan Kararlar"},"content":{"rendered":"<table id=\"table1\" class=\" alignleft\" style=\"height: 403px;\" border=\"0\" width=\"505\" cellspacing=\"0\" cellpadding=\"5\" align=\"center\">\r\n<tbody>\r\n<tr>\r\n<td width=\"161\"><strong><span style=\"text-decoration: underline;\">BELED\u0130YE<\/span><\/strong><\/td>\r\n<td width=\"192\"><strong><span style=\"text-decoration: underline;\">BA\u015eKAN<\/span><\/strong><\/td>\r\n<td width=\"96\"><strong><span style=\"text-decoration: underline;\">G\u00d6REV<\/span><\/strong><\/td>\r\n<\/tr>\r\n<tr>\r\n<td bgcolor=\"#ffff00\" width=\"151\" height=\"25\"><strong>G\u00fczelyurt<\/strong><\/td>\r\n<td bgcolor=\"#ffff00\" width=\"192\" height=\"25\"><strong>Mahmut \u00d6Z\u00c7INAR<\/strong><\/td>\r\n<td bgcolor=\"#ffff00\" width=\"96\" height=\"25\"><strong>Ba\u015fkan<\/strong><\/td>\r\n<\/tr>\r\n<tr>\r\n<td bgcolor=\"#ffff66\" width=\"151\"><strong>\u0130skele<\/strong><\/td>\r\n<td bgcolor=\"#ffff66\" width=\"192\"><strong>Hasan SADIKO\u011eLU<\/strong><\/td>\r\n<td bgcolor=\"#ffff66\" width=\"96\"><strong>Asba\u015fkan<\/strong><\/td>\r\n<\/tr>\r\n<tr>\r\n<td bgcolor=\"#ffff99\" width=\"151\">De\u011firmenlik-Ak\u0131nc\u0131lar<\/td>\r\n<td bgcolor=\"#ffff99\" width=\"192\">Ali Karavezirler<\/td>\r\n<td bgcolor=\"#ffff99\" width=\"96\">\u00dcye<\/td>\r\n<\/tr>\r\n<tr>\r\n<td bgcolor=\"#ffff99\" width=\"151\">Girne<\/td>\r\n<td bgcolor=\"#ffff99\" width=\"192\">Murat \u015eenkul<\/td>\r\n<td bgcolor=\"#ffff99\" width=\"96\">\u00dcye<\/td>\r\n<\/tr>\r\n<tr>\r\n<td bgcolor=\"#ffff99\" width=\"151\">Ge\u00e7itkale-Serdarl\u0131<\/td>\r\n<td bgcolor=\"#ffff99\" width=\"192\">Halil Kas\u0131m<\/td>\r\n<td bgcolor=\"#ffff99\" width=\"96\">\u00dcye<\/td>\r\n<\/tr>\r\n<tr>\r\n<td bgcolor=\"#ffff99\" width=\"151\">Lefko\u015fa<\/td>\r\n<td bgcolor=\"#ffff99\" width=\"192\">Mehmet Harmanc\u0131<\/td>\r\n<td bgcolor=\"#ffff99\" width=\"96\">\u00dcye<\/td>\r\n<\/tr>\r\n<tr>\r\n<td bgcolor=\"#ffff99\" width=\"151\">Tatl\u0131su<\/td>\r\n<td bgcolor=\"#ffff99\" width=\"192\">Hayri Or\u00e7an<\/td>\r\n<td bgcolor=\"#ffff99\" width=\"96\">\u00dcye<\/td>\r\n<\/tr>\r\n<tr>\r\n<td bgcolor=\"#ffff99\" width=\"151\">Beyarmudu<\/td>\r\n<td bgcolor=\"#ffff99\" width=\"192\">B\u00fclent Bebek<\/td>\r\n<td bgcolor=\"#ffff99\" width=\"96\">\u00dcye<\/td>\r\n<\/tr>\r\n<tr>\r\n<td bgcolor=\"#ffff99\" width=\"151\">Yenibo\u011fazi\u00e7i<\/td>\r\n<td bgcolor=\"#ffff99\" width=\"192\">Katip Demir<\/td>\r\n<td bgcolor=\"#ffff99\" width=\"96\">\u00dcye<\/td>\r\n<\/tr>\r\n<tr>\r\n<td bgcolor=\"#ffffcc\" width=\"151\">Lefke<\/td>\r\n<td bgcolor=\"#ffffcc\" width=\"192\">Aziz Kaya<\/td>\r\n<td bgcolor=\"#ffffcc\" width=\"96\">Yedek \u00fcye<\/td>\r\n<\/tr>\r\n<tr>\r\n<td valign=\"top\" width=\"151\">Mehmet\u00e7ik-B\u00fcy\u00fckkonuk<\/td>\r\n<td valign=\"top\" width=\"192\">Fatma \u00c7imen Tu\u011flu<\/td>\r\n<td valign=\"top\" width=\"96\">Yedek \u00fcye<\/td>\r\n<\/tr>\r\n<\/tbody>\r\n<\/table>\r\n<p>&nbsp;<\/p>\r\n<p><strong><\/strong><\/p>\r\n<p>&nbsp;<\/p>\r\n<p>&nbsp;<\/p>\r\n<p>&nbsp;<\/p>\r\n<p>&nbsp;<\/p>\r\n<p>&nbsp;<\/p>\r\n<p>&nbsp;<\/p>\r\n<p>&nbsp;<\/p>\r\n<p>&nbsp;<\/p>\r\n<p>&nbsp;<\/p>\r\n<p>&nbsp;<\/p>\r\n<p>&nbsp;<\/p>\r\n<p><strong>Y\u00fcr\u00fctme Kurulu Toplant\u0131 tarihleri ve al\u0131nan kararlar<\/strong><\/p>\r\n<p>&nbsp;<\/p>\r\n<p><strong>2025 Y\u0131l\u0131<\/strong><\/p>\r\n<p><a href=\"https:\/\/ktbb.org\/v1\/22-ocak-2025-tarihli-1-birlik-yurutme-kurulu-toplantisi\/\"><span style=\"color: #0000ff;\"><strong>22 Ocak 2025<\/strong><\/span><\/a><\/p>\r\n<p>&nbsp;<\/p>\r\n<p><strong>2024 Y\u0131l\u0131<\/strong><\/p>\r\n<p><a href=\"https:\/\/ktbb.org\/v1\/12-aralik-2024-tarihli-5-birlik-yurutme-kurulu-toplantisi\/\"><strong><span style=\"color: #0000ff;\">12 Aral\u0131k 2024 <\/span><\/strong><\/a><\/p>\r\n<p><a href=\"https:\/\/ktbb.org\/v1\/wp-admin\/post.php?post=19209&amp;action=edit\"><strong><span style=\"color: #0000ff;\">25 Eyl\u00fcl 2024<\/span><\/strong><\/a><\/p>\r\n<p><span style=\"color: #0000ff;\"><a style=\"color: #0000ff;\" href=\"https:\/\/ktbb.org\/v1\/17-temmuz-2024-tarihli-3-birlik-yurutme-kurulu-toplantisi\/\"><strong>17 Temmuz 2024 <\/strong><\/a><\/span><\/p>\r\n<p><strong><span style=\"color: #0000ff;\"><a style=\"color: #0000ff;\" href=\"https:\/\/ktbb.org\/v1\/7-mayis-2024-tarihli-2-birlik-yurutme-kurulu-toplantisi\/\">7 May\u0131s 2024<\/a><\/span><\/strong><\/p>\r\n<p><span style=\"color: #0000ff;\"><a style=\"color: #0000ff;\" href=\"https:\/\/ktbb.org\/v1\/7-mart-2024-tarihli-1-birlik-yurutme-kurulu-toplantisi\/\"><strong>7 Mart 2024<\/strong><\/a><\/span><\/p>\r\n<p>&nbsp;<\/p>\r\n<p><strong>2023 Y\u0131l\u0131<\/strong><\/p>\r\n<p><a href=\"https:\/\/ktbb.org\/v1\/13-temmuz-2023-tarihli-5-birlik-yurutme-kurulu-toplantisi\/\"><span style=\"color: #0000ff;\"><strong>13 Temmuz 2023<\/strong><\/span><\/a><\/p>\r\n<p class=\"entry-title fusion-responsive-typography-calculated\" data-fontsize=\"18\" data-lineheight=\"normal\"><span style=\"color: #0000ff;\"><a style=\"color: #0000ff;\" href=\"https:\/\/ktbb.org\/v1\/22-subat-2023-tarihli-4-birlik-yurutme-kurulu-toplantisi\/\"><strong>22 \u015eubat 2023<\/strong><\/a><\/span><\/p>\r\n<p><span style=\"color: #0000ff;\"><a style=\"color: #0000ff;\" href=\"http:\/\/ktbb.org\/v1\/8-subat-2023-tarihli-3-birlik-yurutme-kurulu-toplantisi\/\"><strong>8 \u015eubat 2023<\/strong><\/a><\/span><\/p>\r\n<p><span style=\"color: #0000ff;\"><strong><a style=\"color: #0000ff;\" href=\"http:\/\/ktbb.org\/v1\/24-ocak-2023-tarihli-2-birlik-yurutme-kurulu-toplantisi\/\">24 Ocak 2023<\/a><\/strong><\/span><\/p>\r\n<p><span style=\"color: #0000ff;\"><a style=\"color: #0000ff;\" href=\"http:\/\/ktbb.org\/v1\/9-ocak-2023-tarihli-1-birlik-yurutme-kurulu-toplantisi\/\"><strong>9 Ocak 2023<\/strong><\/a><\/span><\/p>\r\n<p>&nbsp;<\/p>\r\n<p><strong>2022 Y\u0131l\u0131<\/strong><\/p>\r\n<p class=\"entry-title fusion-responsive-typography-calculated\" data-fontsize=\"18\" data-lineheight=\"normal\"><span style=\"color: #0000ff;\"><a style=\"color: #0000ff;\" href=\"http:\/\/ktbb.org\/v1\/11-agustos-2022-tarihli-8-birlik-yurutme-kurulu-toplantisi\/\"><strong>11 A\u011fustos 2022<\/strong><\/a><\/span><\/p>\r\n<p><span style=\"color: #0000ff;\"><a style=\"color: #0000ff;\" href=\"http:\/\/ktbb.org\/v1\/19-nisan-2022-tarihli-7-birlik-yurutme-kurulu-toplantisi\/\"><strong>19 Nisan 2022<\/strong><\/a><\/span><\/p>\r\n<p><a href=\"http:\/\/ktbb.org\/v1\/13-nisan-2022-tarihli-6-birlik-yurutme-kurulu-kararlari\/\"><strong><span style=\"color: #0000ff;\">13 Nisan 2022<\/span><\/strong><\/a><\/p>\r\n<p><a href=\"http:\/\/ktbb.org\/v1\/30-mart-2022-tarihli-4-birlik-yurutme-kurulu-kararlari\/\"><strong><span style=\"color: #0000ff;\">30 Mart 2022<\/span><\/strong><\/a><\/p>\r\n<p><a href=\"http:\/\/ktbb.org\/v1\/1-mart-2022-tarihli-3-birlik-yurutme-kurulu-toplantisi\/\"><span style=\"color: #0000ff;\"><strong>1 Mart 2022<\/strong><\/span><\/a><\/p>\r\n<p><a href=\"http:\/\/ktbb.org\/v1\/11-subat-2022-tarihli-2-birlik-yurutme-kurulu-toplantisi\/\"><strong><span style=\"color: #0000ff;\">11 \u015eubat 2022<\/span><\/strong><\/a><\/p>\r\n<p><a href=\"http:\/\/ktbb.org\/v1\/19-ocak-2022-tarihli-1-birlik-yurutme-kurulu-toplantisi\/\"><span style=\"color: #0000ff;\"><strong>19 Ocak 2022<\/strong><\/span><\/a><\/p>\r\n<p>&nbsp;<\/p>\r\n<p><strong>2021 Y\u0131l\u0131<\/strong><\/p>\r\n<p><span style=\"color: #0000ff;\"><a style=\"color: #0000ff;\" href=\"http:\/\/ktbb.org\/v1\/16-aralik-2021-tarihli-10-birlik-yurtume-kurulu-toplantisi\/\"><strong>16 Aral\u0131k 2021<\/strong><\/a><\/span><\/p>\r\n<p><span style=\"color: #0000ff;\"><a style=\"color: #0000ff;\" href=\"http:\/\/ktbb.org\/v1\/1-aralik-2021-9-birlik-yurtume-kurulu-toplantisi\/\"><strong>1 Aral\u0131k 2021<\/strong><\/a><\/span><\/p>\r\n<p><span style=\"color: #0000ff;\"><a style=\"color: #0000ff;\" href=\"http:\/\/ktbb.org\/v1\/5-agustos-2021-8-birlik-yurutme-kurulu-toplantisi\/\"><strong>5 A\u011fustos 2021<\/strong><\/a><\/span><\/p>\r\n<p><span style=\"color: #0000ff;\"><strong><a style=\"color: #0000ff;\" href=\"http:\/\/ktbb.org\/v1\/25-mayis-2021-tarihli-7-birlik-yurutme-kurulu-toplantisi\/\">25 May\u0131s 2021\u00a0<\/a><\/strong><\/span><\/p>\r\n<p><span style=\"color: #0000ff;\"><a style=\"color: #0000ff;\" href=\"http:\/\/ktbb.org\/v1\/6-nisan-2021-tarihli-6-birlik-yurutme-kurulu-toplantisi\/\"><strong>6 Nisan 2021\u00a0<\/strong><\/a><\/span><\/p>\r\n<p><span style=\"color: #0000ff;\"><a style=\"color: #0000ff;\" href=\"http:\/\/ktbb.org\/v1\/25-subat-2021-tarihli-5-birlik-yurutme-kurulu-toplantisi\/\"><strong>25 \u015eubat 2021<\/strong><\/a><\/span><\/p>\r\n<p><span style=\"color: #0000ff;\"><a style=\"color: #0000ff;\" href=\"http:\/\/ktbb.org\/v1\/19-ocak-2021-tarihli-4-birlik-yurutme-kurulu-toplantisi\/\"><strong>19 Ocak 2021<\/strong><\/a><\/span><\/p>\r\n<p>&nbsp;<\/p>\r\n<p><strong>2020 Y\u0131l\u0131<\/strong><\/p>\r\n<p><span style=\"color: #0000ff;\"><a style=\"color: #0000ff;\" href=\"http:\/\/ktbb.org\/v1\/10-aralik-2020-tarihli-3-birlik-yurutme-kurulu-toplantisi\/\"><strong>10 Aral\u0131k 2020<\/strong><\/a><\/span><\/p>\r\n<p><span style=\"color: #0000ff;\"><a style=\"color: #0000ff;\" href=\"http:\/\/ktbb.org\/v1\/5-kasim-2020-tarihli-2-birlik-yurutme-kurulu-toplantisi\/\"><strong>5 Kas\u0131m 2020<\/strong><\/a><\/span><\/p>\r\n<p><span style=\"color: #0000ff;\"><a style=\"color: #0000ff;\" href=\"http:\/\/ktbb.org\/v1\/wp-admin\/post.php?post=10213&amp;action=edit\"><strong>22 Ekim 2020<\/strong><\/a><\/span><\/p>\r\n<p class=\"entry-title fusion-responsive-typography-calculated\" data-fontsize=\"18\" data-lineheight=\"normal\"><span style=\"color: #0000ff;\"><a style=\"color: #0000ff;\" href=\"http:\/\/ktbb.org\/v1\/28-eylul-2020-tarihli-8-birlik-yurutme-kurulu-toplantisi\/\"><strong>28 Eyl\u00fcl 2020<\/strong><\/a><\/span><\/p>\r\n<p><span style=\"color: #0000ff;\"><a style=\"color: #0000ff;\" href=\"http:\/\/ktbb.org\/v1\/6-agustos-2020-tarihli-7-birlik-yurutme-kurulu-toplantisi\/\"><strong>6 A\u011fustos 2020<\/strong><\/a><\/span><\/p>\r\n<p class=\"entry-title fusion-responsive-typography-calculated\" data-fontsize=\"18\" data-lineheight=\"normal\"><span style=\"color: #0000ff;\"><a style=\"color: #0000ff;\" href=\"http:\/\/ktbb.org\/v1\/30-haziran-2020-tarihli-6-birlik-yurutme-kurulu-toplantisi\/\"><strong>30 Haziran 2020<\/strong><\/a><\/span><\/p>\r\n<p class=\"entry-title fusion-responsive-typography-calculated\" data-fontsize=\"18\" data-lineheight=\"normal\"><span style=\"color: #0000ff;\"><a style=\"color: #0000ff;\" href=\"http:\/\/ktbb.org\/v1\/13-mayis-2020-tarihli-5-yurutme-kurulu-toplantisi\/\"><strong>13 May\u0131s 2020\u00a0<\/strong><\/a><\/span><\/p>\r\n<p><span style=\"color: #0000ff;\"><a style=\"color: #0000ff;\" href=\"http:\/\/ktbb.org\/v1\/6-mayis-2020-tarihli-4-yurutme-kurulu-toplantisi\/\"><strong>6 May\u0131s 2020<\/strong><\/a><\/span><\/p>\r\n<p><span style=\"color: #0000ff;\"><a style=\"color: #0000ff;\" href=\"http:\/\/ktbb.org\/v1\/27-mart-2020-tarihli-3-yurutme-kurulu-toplantisi\/\"><strong>27 Mart 2020<\/strong><\/a><\/span><\/p>\r\n<p><span style=\"color: #0000ff;\"><a style=\"color: #0000ff;\" href=\"http:\/\/ktbb.org\/v1\/11-mart-2020-tarihli-2-yurutme-kurulu-toplantisi\/\"><strong>11 Mart 2020<\/strong><\/a><\/span><\/p>\r\n<p><span style=\"color: #0000ff;\"><a style=\"color: #0000ff;\" href=\"http:\/\/ktbb.org\/v1\/7-subat-2020-tarihli-1-birlik-yurutme-kurulu-toplantisi\/\"><strong>7 \u015eubat 2020<\/strong><\/a><\/span><\/p>\r\n<p><strong>2019 Y\u0131l\u0131<\/strong><\/p>\r\n<p><span style=\"color: #0000ff;\"><a style=\"color: #0000ff;\" href=\"http:\/\/ktbb.org\/v1\/9-ekim-2019-tarihli-9-birlik-yurutme-kurulu-toplantisi\/\"><strong>9 Ekim 2019<\/strong><\/a><\/span><\/p>\r\n<p class=\"entry-title fusion-responsive-typography-calculated\" data-fontsize=\"18\" data-lineheight=\"normal\"><span style=\"color: #0000ff;\"><a style=\"color: #0000ff;\" href=\"http:\/\/ktbb.org\/v1\/7-agustos-2019-tarihli-8-birlik-yurutme-kurulu-toplantisi\/\"><strong>7 A\u011fustos 2019<\/strong><\/a><\/span><\/p>\r\n<p><span style=\"color: #0000ff;\"><strong>\r\n\r\n<\/strong><\/span><\/p>\r\n<p class=\"entry-title fusion-responsive-typography-calculated\" data-fontsize=\"18\" data-lineheight=\"normal\"><span style=\"color: #0000ff;\"><a style=\"color: #0000ff;\" href=\"http:\/\/ktbb.org\/v1\/19-haziran-2019-7-birlik-yurutme-kurulu-toplantisi\/\"><strong>19 Haziran 2019<\/strong><\/a><\/span><\/p>\r\n<p><span style=\"color: #0000ff;\"><strong><a style=\"color: #0000ff;\" href=\"https:\/\/ktbb.org\/v1\/21-subat-2019-6-birlik-yurutme-kurulu-toplantisi\/\">21 \u015eubat 2019<\/a><\/strong><\/span><\/p>\r\n<p><span style=\"color: #0000ff;\"><strong>\r\n\r\n<\/strong><\/span><\/p>\r\n<p><span style=\"color: #0000ff;\"><strong><a style=\"color: #0000ff;\" href=\"https:\/\/ktbb.org\/v1\/17-ocak-2019-5-birlik-yurutme-kurulu-toplantisi\/\">17 Ocak 2019<\/a><\/strong><\/span><\/p>\r\n<p><strong>2018 Y\u0131l\u0131<\/strong><\/p>\r\n<p><strong>\r\n\r\n<\/strong><\/p>\r\n<p><span style=\"color: #0000ff;\"><strong><a style=\"color: #0000ff;\" href=\"https:\/\/ktbb.org\/v1\/29-kasim-2018-4-yurutme-kurulu-toplantisi\/\">29 Kas\u0131m 2018<\/a><\/strong><\/span><\/p>\r\n<p><span style=\"color: #0000ff;\"><strong>\r\n\r\n<\/strong><\/span><\/p>\r\n<p><span style=\"color: #0000ff;\"><strong><a style=\"color: #0000ff;\" href=\"https:\/\/ktbb.org\/v1\/11-eylul-2018-3-yurutme-kurulu-toplantisi\/\">11 Eyl\u00fcl 2018<\/a><\/strong><\/span><\/p>\r\n<p><span style=\"color: #0000ff;\"><strong>\r\n\r\n<\/strong><\/span><\/p>\r\n<p><span style=\"color: #0000ff;\"><strong><a style=\"color: #0000ff;\" href=\"https:\/\/ktbb.org\/v1\/26-temmuz-2018-2-yurutme-kurulu-toplantisi\/\">26 Temmuz 2018<\/a><\/strong><\/span><\/p>\r\n<p><strong>\r\n\r\n<\/strong><\/p>\r\n<p>&nbsp;<\/p>\r\n<p><strong><\/strong><\/p>","protected":false},"excerpt":{"rendered":"<p>BELED\u0130YE BA\u015eKAN G\u00d6REV G\u00fczelyurt Mahmut \u00d6Z\u00c7INAR Ba\u015fkan \u0130skele Hasan SADIKO\u011eLU [&hellip;]<\/p>\n","protected":false},"author":9,"featured_media":0,"parent":0,"menu_order":0,"comment_status":"open","ping_status":"closed","template":"","meta":{"footnotes":""},"class_list":["post-28","page","type-page","status-publish","hentry"],"_links":{"self":[{"href":"https:\/\/ktbb.org\/v1\/wp-json\/wp\/v2\/pages\/28","targetHints":{"allow":["GET"]}}],"collection":[{"href":"https:\/\/ktbb.org\/v1\/wp-json\/wp\/v2\/pages"}],"about":[{"href":"https:\/\/ktbb.org\/v1\/wp-json\/wp\/v2\/types\/page"}],"author":[{"embeddable":true,"href":"https:\/\/ktbb.org\/v1\/wp-json\/wp\/v2\/users\/9"}],"replies":[{"embeddable":true,"href":"https:\/\/ktbb.org\/v1\/wp-json\/wp\/v2\/comments?post=28"}],"version-history":[{"count":56,"href":"https:\/\/ktbb.org\/v1\/wp-json\/wp\/v2\/pages\/28\/revisions"}],"predecessor-version":[{"id":19216,"href":"https:\/\/ktbb.org\/v1\/wp-json\/wp\/v2\/pages\/28\/revisions\/19216"}],"wp:attachment":[{"href":"https:\/\/ktbb.org\/v1\/wp-json\/wp\/v2\/media?parent=28"}],"curies":[{"name":"wp","href":"https:\/\/api.w.org\/{rel}","templated":true}]}}