{"id":3439,"date":"2019-01-29T12:51:00","date_gmt":"2019-01-29T12:51:00","guid":{"rendered":"http:\/\/ktbb.org\/v1\/?page_id=3439"},"modified":"2019-01-29T12:53:54","modified_gmt":"2019-01-29T12:53:54","slug":"17-ocak-2019-5-birlik-yurutme-kurulu-toplantisi","status":"publish","type":"page","link":"https:\/\/ktbb.org\/v1\/17-ocak-2019-5-birlik-yurutme-kurulu-toplantisi\/","title":{"rendered":"17 Ocak 2019\/5. Birlik Y\u00fcr\u00fctme Kurulu Toplant\u0131s\u0131"},"content":{"rendered":"\n<p><strong>Karar No:\n1\/2019<\/strong> <\/p>\n\n\n\n<p>M\u00fccbir sebeplerle do\u011fal afet gere\u011fi sahada Birli\u011fimiz\ntaraf\u0131ndan yap\u0131lan \u00e7al\u0131\u015fmalar\u0131n gerektirdi\u011fi akaryak\u0131t masraflar\u0131n\u0131n ve\nPersonelin ek mesailerinin, K.T. Belediyeler Birli\u011fi taraf\u0131ndan kar\u015f\u0131lanmas\u0131 oy\nbirli\u011fi ile karar verilmi\u015ftir.<\/p>\n\n\n\n<p><strong>Karar No:\n2\/2019<\/strong><\/p>\n\n\n\n<p>D\u00fcnya Bankas\u0131ndan gelen e\u011fitim talebi do\u011frultusunda\nBelediyelerin gelir art\u0131r\u0131c\u0131 \u00e7al\u0131\u015fmalar\u0131n\u0131n de\u011ferlendirilece\u011fi 30 Ocak 2019\ntarihinde Lefko\u015fa Merit Otelde d\u00fczenlenecek olan de\u011ferlendirme toplant\u0131s\u0131na 28\nBelediye Ba\u015fkanlar\u0131n\u0131n; mazeretleri halinde yard\u0131mc\u0131lar\u0131n\u0131n kat\u0131l\u0131mlar\u0131n\u0131n\nsa\u011flanmas\u0131na oy birli\u011fi ile karar verildi.&nbsp;\n<\/p>\n\n\n\n<p><strong>Karar No:\n3\/2019 <\/strong><\/p>\n\n\n\n<p>\u0130\u00e7i\u015fleri Bakanl\u0131\u011f\u0131n\u0131n Belediyeler\nYasas\u0131ndaki de\u011fi\u015fikliklere olumlu yakla\u015f\u0131m\u0131 sebebiyle Belediye Ba\u015fkanlar\u0131n\u0131n\nyo\u011funla\u015ft\u0131r\u0131lm\u0131\u015f ve iyi \u00e7al\u0131\u015fmas\u0131 ile bir neticeye var\u0131labilece\u011fi ve Bakanl\u0131\u011f\u0131n\n\u00fczerinde durdu\u011fu Ceza ve Denetim konular\u0131 d\u0131\u015f\u0131nda Mali a\u00e7\u0131dan gelir art\u0131r\u0131c\u0131\ntedbir ve tablolara \u00f6ncelik verilmesini Bakanl\u0131\u011fa bildirilmesine, K.T\nBelediyeler Birli\u011fi taraf\u0131ndan bir Yerel Y\u00f6netim uzman veya Dan\u0131\u015fman\u0131n bu Yasa\n\u00e7al\u0131\u015fmalar\u0131nda yer almas\u0131na oy birli\u011fi ile Karar verilmi\u015ftir.<\/p>\n\n\n\n<p><strong>Karar No: 4\/2019 <\/strong><\/p>\n\n\n\n<p>Birlik Meclis \u00fcyelerinin tan\u0131\u015fma ama\u00e7l\u0131 bir otelde toplant\u0131ya\u00a0\u00a0 \u00a0 \u00e7a\u011fr\u0131lmas\u0131na oybirli\u011fi ile karar verilmi\u015ftir.<\/p>\n\n\n\n<p><strong>Karar No: 5\/2019 <\/strong><\/p>\n\n\n\n<p>Avrupa Konseyi toplant\u0131lar\u0131na d\u00f6n\u00fc\u015f\u00fcml\u00fc olarak, K.T\nBelediyeler Birli\u011fi Y\u00f6netim Kurulundan bir temsilci kat\u0131lmas\u0131na, AB Konseyi\nGenel Kurul toplant\u0131lar\u0131na ise K.T. Belediyeler Birli\u011fi Birlik Y\u00f6netim\nKurulundan ekstra bir ki\u015finin daha g\u00f6t\u00fcr\u00fclmesine oy birli\u011fi ile karar\nverilmi\u015ftir.<\/p>\n\n\n\n<p><strong>Karar No: 6\/2019 <\/strong><\/p>\n\n\n\n<p>Askere verilen su konusunda kar\u015f\u0131la\u015f\u0131lan\nproblemlerin&nbsp;&nbsp; (Kanalizasyon) Hukuk\ndan\u0131\u015fman\u0131 taraf\u0131ndan de\u011ferlendirilerek bir sonuca ba\u011flanmas\u0131na oy birli\u011fi ile\nkarar verildi.<\/p>\n\n\n\n<p><strong>Karar\nNo:&nbsp; 7\/2019<\/strong><\/p>\n\n\n\n<p>Belediyelerin Elektrik ile ilgili problemi konusunda,\nK\u0131b-Tek&nbsp;&nbsp; Y\u00f6netim Kurulundan randevu\ntalep edilerek bir toplant\u0131 yap\u0131lmas\u0131na oy birli\u011fi ile karar verilmi\u015ftir<strong>.<\/strong><\/p>\n\n\n\n<p><strong>Karar No: 8\/2019<\/strong> <\/p>\n\n\n\n<p>Trafik ve Ula\u015ft\u0131rma Hizmetleri Komisyonu toplant\u0131lar\u0131\ng\u00fcndeme&nbsp; geldi\u011finde ilgili Belediye\nBa\u015fkan\u0131nda kat\u0131lmas\u0131na oy birli\u011fi ile karar verilmi\u015ftir.<\/p>\n\n\n\n<p><strong>Karar No: 9\/2019<\/strong> <\/p>\n\n\n\n<p>An\u0131tlar Y\u00fcksek Kurulu\u2019nda K.T. Belediyeler Birli\u011fi\u2019ni\ntemsilen Lefko\u015fa T\u00fcrk Belediyesi \u0130mar \u015eube Amiri Sn. Dervi\u015fe Ener\u2019in kat\u0131lmas\u0131na\nve Kurulda al\u0131nan kararlar\u0131n, K.T. Belediyeler Birli\u011fine&nbsp; de g\u00f6nderilmesinin talep edilmesine oy\nbirli\u011fi ile karar verilmi\u015ftir.<strong>&nbsp; <\/strong><\/p>\n\n\n\n<p><strong>Karar No: 10 \/2019<\/strong> <\/p>\n\n\n\n<p>Yenibo\u011fazi\u00e7i Belediyesinin Birli\u011fimizden talep etmi\u015f\noldu\u011fu, Necat&amp;Zorlu Ltd.\u2019 den almak istedi\u011fi 95,784.95 TL tutar\u0131ndaki\nhortum ve boru ba\u011flant\u0131 par\u00e7alar\u0131 konusunda, ilgili firman\u0131n onay\u0131 al\u0131narak,\nBelediyenin Devlet Katk\u0131s\u0131ndan kesilerek ilgili firman\u0131n taksitler halinde\n\u00f6demeyi kabul etmesinden dolay\u0131, Yeni Bo\u011fazi\u00e7i Belediyesinin&nbsp; talebi oy birli\u011fi ile kabul edilmi\u015ftir.<\/p>\n\n\n\n<p><strong>Karar No: 11\/2019 <\/strong><\/p>\n\n\n\n<p>K.T Belediyeler Birli\u011finde Koordinat\u00f6r olarak\ng\u00f6revlendirmesi&nbsp; d\u00fc\u015f\u00fcn\u00fclen Sn. H\u00fcseyin\nK\u00f6le\u2019nin harcamalar\u0131n\u0131n (akaryak\u0131t,cep telefonu konu\u015fmalar\u0131n\u0131, izaz ve ikram\nharcamalar\u0131n\u0131) K.T. Belediyeler Birli\u011fi taraf\u0131ndan kar\u015f\u0131lanmas\u0131na, K.T.B.B\nYasas\u0131nda gerekli d\u00fczenlemeler yap\u0131larak, Birlik b\u00fcnyesinde 3 birimin\nolu\u015fturulmas\u0131na;<\/p>\n\n\n\n<ol class=\"wp-block-list\"><li>D\u0131\u015f \u0130li\u015fkiler Birimi.<\/li><li>Mal Al\u0131m Sat\u0131m ve Ara\u00e7 Birimi.<\/li><li>Mali \u0130\u015fler Birimi.<\/li><\/ol>\n\n\n\n<p>Bu birimlere gerekli personelin istihdam\u0131 konusunda gerekli\u00a0 \u00e7al\u0131\u015fmalar\u0131n\u00a0\u00a0 yap\u0131lmas\u0131na oy birli\u011fi ile karar verilmi\u015ftir.<\/p>\n","protected":false},"excerpt":{"rendered":"<p>Karar No: 1\/2019 M\u00fccbir sebeplerle do\u011fal afet gere\u011fi sahada Birli\u011fimiz [&hellip;]<\/p>\n","protected":false},"author":9,"featured_media":0,"parent":0,"menu_order":0,"comment_status":"closed","ping_status":"closed","template":"","meta":{"footnotes":""},"class_list":["post-3439","page","type-page","status-publish","hentry"],"_links":{"self":[{"href":"https:\/\/ktbb.org\/v1\/wp-json\/wp\/v2\/pages\/3439","targetHints":{"allow":["GET"]}}],"collection":[{"href":"https:\/\/ktbb.org\/v1\/wp-json\/wp\/v2\/pages"}],"about":[{"href":"https:\/\/ktbb.org\/v1\/wp-json\/wp\/v2\/types\/page"}],"author":[{"embeddable":true,"href":"https:\/\/ktbb.org\/v1\/wp-json\/wp\/v2\/users\/9"}],"replies":[{"embeddable":true,"href":"https:\/\/ktbb.org\/v1\/wp-json\/wp\/v2\/comments?post=3439"}],"version-history":[{"count":3,"href":"https:\/\/ktbb.org\/v1\/wp-json\/wp\/v2\/pages\/3439\/revisions"}],"predecessor-version":[{"id":3443,"href":"https:\/\/ktbb.org\/v1\/wp-json\/wp\/v2\/pages\/3439\/revisions\/3443"}],"wp:attachment":[{"href":"https:\/\/ktbb.org\/v1\/wp-json\/wp\/v2\/media?parent=3439"}],"curies":[{"name":"wp","href":"https:\/\/api.w.org\/{rel}","templated":true}]}}